{"id":48734,"date":"2016-08-28T10:36:34","date_gmt":"2016-08-28T08:36:34","guid":{"rendered":"http:\/\/www.earsonics.com\/in-ear-monitors\/?page_id=48734"},"modified":"2024-05-21T10:19:56","modified_gmt":"2024-05-21T08:19:56","slug":"references","status":"publish","type":"page","link":"https:\/\/www.earsonics.com\/in-ear-monitors\/references\/","title":{"rendered":"REFERENCES"},"content":{"rendered":"<div class=\"wpb-content-wrapper\"><p>[vc_row unlock_row_content=\u00a0\u00bbyes\u00a0\u00bb row_height_percent=\u00a0\u00bb45&Prime; back_color=\u00a0\u00bbcolor-nhtu\u00a0\u00bb back_image=\u00a0\u00bb49386&Prime; parallax=\u00a0\u00bbyes\u00a0\u00bb overlay_color=\u00a0\u00bbcolor-nhtu\u00a0\u00bb overlay_alpha=\u00a0\u00bb50&Prime; gutter_size=\u00a0\u00bb3&Prime; column_width_percent=\u00a0\u00bb100&Prime; shift_y=\u00a0\u00bb0&Prime; z_index=\u00a0\u00bb0&Prime; uncode_shortcode_id=\u00a0\u00bb146262&Prime; back_color_type=\u00a0\u00bbuncode-palette\u00a0\u00bb overlay_color_type=\u00a0\u00bbuncode-palette\u00a0\u00bb][vc_column column_width_percent=\u00a0\u00bb100&Prime; position_vertical=\u00a0\u00bbbottom\u00a0\u00bb gutter_size=\u00a0\u00bb3&Prime; style=\u00a0\u00bbdark\u00a0\u00bb overlay_alpha=\u00a0\u00bb50&Prime; shift_x=\u00a0\u00bb0&Prime; shift_y=\u00a0\u00bb0&Prime; z_index=\u00a0\u00bb0&Prime; medium_width=\u00a0\u00bb0&Prime; width=\u00a0\u00bb1\/1&Prime;][vc_empty_space empty_h=\u00a0\u00bb5&Prime;][vc_custom_heading]ARTISTS[\/vc_custom_heading][\/vc_column][\/vc_row][vc_row row_height_percent=\u00a0\u00bb0&Prime; override_padding=\u00a0\u00bbyes\u00a0\u00bb h_padding=\u00a0\u00bb2&Prime; top_padding=\u00a0\u00bb3&Prime; bottom_padding=\u00a0\u00bb3&Prime; overlay_alpha=\u00a0\u00bb100&Prime; gutter_size=\u00a0\u00bb100&Prime; style=\u00a0\u00bbinherited\u00a0\u00bb][vc_column column_width_percent=\u00a0\u00bb100&Prime; gutter_size=\u00a0\u00bb3&Prime; overlay_alpha=\u00a0\u00bb50&Prime; shift_x=\u00a0\u00bb0&Prime; shift_y=\u00a0\u00bb0&Prime; medium_width=\u00a0\u00bb0&Prime; zoom_width=\u00a0\u00bb0&Prime; zoom_height=\u00a0\u00bb0&Prime; width=\u00a0\u00bb1\/4&Prime;][vc_accordion gutter_simple=\u00a0\u00bb0&Prime; active_tab=\u00a0\u00bb0&Prime; uncode_shortcode_id=\u00a0\u00bb129234&Prime;][vc_accordion_tab title=\u00a0\u00bbA\u00a0\u00bb tab_id=\u00a0\u00bb3c12cada-6878-2&Prime;][vc_column_text uncode_shortcode_id=\u00a0\u00bb373742&Prime;]Aaron<br \/>\nAbdAlMalik<br \/>\nAgeTendre<br \/>\nAim\u00e9Simone<br \/>\nAir<br \/>\nAlain Souchon<br \/>\nAlex Beaupain<br \/>\nAliz\u00e9e<br \/>\nAmelBent<br \/>\nAmir<br \/>\nAna\u00efs<br \/>\nAng\u00e8le<br \/>\nArkadian<br \/>\nArtMengo<br \/>\nAsa<br \/>\nAstonVilla<br \/>\nAzierThomas<br \/>\nAliocha Schneider[\/vc_column_text][\/vc_accordion_tab][vc_accordion_tab title=\u00a0\u00bbE\u00a0\u00bb tab_id=\u00a0\u00bb7354ec62-010c-4&Prime;][vc_column_text uncode_shortcode_id=\u00a0\u00bb213871&Prime;]EddyMitchell<br \/>\nElvisCostello<br \/>\nEmmaPeters<br \/>\nEnricoMathias<br \/>\nEstopa[\/vc_column_text][\/vc_accordion_tab][vc_accordion_tab title=\u00a0\u00bbI\u00a0\u00bb tab_id=\u00a0\u00bbbaa8687e-c2c2-6&Prime;][vc_column_text uncode_shortcode_id=\u00a0\u00bb520310&Prime;]Iam<br \/>\nIbeyi<br \/>\nIdir<br \/>\nImany<br \/>\nIndochine[\/vc_column_text][\/vc_accordion_tab][vc_accordion_tab title=\u00a0\u00bbM\u00a0\u00bb tab_id=\u00a0\u00bbf483bed7-c5ae-7&Prime;][vc_column_text uncode_shortcode_id=\u00a0\u00bb141183&Prime;]MPokora<br \/>\nMatthieuChedid<br \/>\nMaitreGims<br \/>\nMaloh<br \/>\nMarcLavoine<br \/>\nMartinSolveig<br \/>\nMaximNucci<br \/>\nMcSolaar<br \/>\nMelodyGardot<br \/>\nMesparrow<br \/>\nMhd<br \/>\nMichaelJones<br \/>\nMich\u00e8leTorr<br \/>\nMickaelCarreira<br \/>\nMyl\u00e8neFarmer<br \/>\nMelody Gardot<br \/>\nMedine[\/vc_column_text][\/vc_accordion_tab][vc_accordion_tab title=\u00a0\u00bbR\u00a0\u00bb tab_id=\u00a0\u00bb04742d24-b3d5-1&Prime;][vc_column_text]-Rachid Taha<br \/>\n-Raphael Haroche<br \/>\n-Renaud<br \/>\n-RTL disco show<br \/>\n-Rover[\/vc_column_text][\/vc_accordion_tab][vc_accordion_tab title=\u00a0\u00bbW\u00a0\u00bb tab_id=\u00a0\u00bb4a3b8936-184b-0&Prime;][vc_column_text uncode_shortcode_id=\u00a0\u00bb146110&Prime;]WaxTaylor<br \/>\nWoodkid<br \/>\nWorldsApart[\/vc_column_text][\/vc_accordion_tab][\/vc_accordion][\/vc_column][vc_column width=\u00a0\u00bb1\/4&Prime;][vc_accordion gutter_simple=\u00a0\u00bb0&Prime; active_tab=\u00a0\u00bb0&Prime; uncode_shortcode_id=\u00a0\u00bb130232&Prime;][vc_accordion_tab title=\u00a0\u00bbB\u00a0\u00bb tab_id=\u00a0\u00bbb415f367-9983-6&Prime;][vc_column_text uncode_shortcode_id=\u00a0\u00bb187723&Prime;]BernardLavilliers<br \/>\nBlerotsDeRavel<br \/>\nBonnieTyler<br \/>\nBornIn90<br \/>\nBuzy[\/vc_column_text][\/vc_accordion_tab][vc_accordion_tab title=\u00a0\u00bbF\u00a0\u00bb tab_id=\u00a0\u00bb9b1a0941-8e38-0&Prime;][vc_column_text uncode_shortcode_id=\u00a0\u00bb479622&Prime;]FaadaFreddy<br \/>\nFatalsPicards<br \/>\nFFF<br \/>\nFKJ<br \/>\nFlashDance<br \/>\nFlorentPagny<br \/>\nFrancisMaggiulli<br \/>\nFranckDubosc<br \/>\nFav\u00e9[\/vc_column_text][\/vc_accordion_tab][vc_accordion_tab title=\u00a0\u00bbN\u00a0\u00bb tab_id=\u00a0\u00bb874d854a-0c4e-2&Prime;][vc_column_text uncode_shortcode_id=\u00a0\u00bb182958&Prime;]Naps<br \/>\nNatashaStPierre<br \/>\nNekfeu<br \/>\nNolwennLeroy<br \/>\nNotreDameDeParis<br \/>\nNouvelleStar<br \/>\nNtm<br \/>\nNej[\/vc_column_text][\/vc_accordion_tab][vc_accordion_tab title=\u00a0\u00bbJ\u00a0\u00bb tab_id=\u00a0\u00bba415066d-c814-3&Prime;][vc_column_text uncode_shortcode_id=\u00a0\u00bb998842&Prime;]Jain<br \/>\nJamesBKS<br \/>\nJeanMichelJarre<br \/>\nJeanBaptisteGuegan<br \/>\nJeanLouisAubert<br \/>\nJenifer<br \/>\nJoeyStarr<br \/>\nJohnnyHallyday<br \/>\nJulienDor\u00e9<br \/>\nJulienClerc<br \/>\nJulieZenatti[\/vc_column_text][\/vc_accordion_tab][vc_accordion_tab title=\u00a0\u00bbS\u00a0\u00bb tab_id=\u00a0\u00bb38947385-f5bb-2&Prime;][vc_column_text uncode_shortcode_id=\u00a0\u00bb410694&Prime;]Sandrine Regot<br \/>\nStar Acad\u00e9mie<br \/>\nSuperbus<br \/>\nSinclair<br \/>\nStar Acad\u00e9mie 6<br \/>\nSniper<br \/>\nShaka Ponk<br \/>\nStromae<br \/>\nSexion D\u2019assaut<br \/>\nSerge Lama<br \/>\nStar 80<br \/>\nStephan Eicher<br \/>\nSkip The Use<br \/>\nSaturday night Fever<br \/>\nSlimane<br \/>\nSCH[\/vc_column_text][\/vc_accordion_tab][vc_accordion_tab title=\u00a0\u00bbY\u00a0\u00bb tab_id=\u00a0\u00bbb372cc8c-d7c9-3&Prime;][vc_column_text uncode_shortcode_id=\u00a0\u00bb101332&Prime;]YaelNaim<br \/>\nYodelice<br \/>\nYoussoupha[\/vc_column_text][\/vc_accordion_tab][\/vc_accordion][\/vc_column][vc_column width=\u00a0\u00bb1\/4&Prime;][vc_accordion gutter_simple=\u00a0\u00bb0&Prime; active_tab=\u00a0\u00bb0&Prime; uncode_shortcode_id=\u00a0\u00bb190360&Prime;][vc_accordion_tab title=\u00a0\u00bbC\u00a0\u00bb tab_id=\u00a0\u00bb5e4c1e44-259a-6&Prime;][vc_column_text uncode_shortcode_id=\u00a0\u00bb729206&Prime;]C2C<br \/>\nCabrel<br \/>\nCalog\u00e9ro<br \/>\nCamille<br \/>\nCarlaBruni<br \/>\nCelkilt<br \/>\nCharlesAznavour<br \/>\nCharlieWinston<br \/>\nCharlotteGainsbourg<br \/>\nChim\u00e8neBadi<br \/>\nChineseMan<br \/>\nChristineAndTheQueens ChristopheMae<br \/>\nChristopheWillem<br \/>\nClaraLuciani<br \/>\nClaudioCap\u00e9o Cl\u00e9op\u00e2treComedieMusicale<br \/>\nCocoon[\/vc_column_text][\/vc_accordion_tab][vc_accordion_tab title=\u00a0\u00bbG\u00a0\u00bb tab_id=\u00a0\u00bbb9bfd6d0-9760-2&Prime;][vc_column_text uncode_shortcode_id=\u00a0\u00bb119253&Prime;]Ga\u00eblFaye<br \/>\nGauvainSers<br \/>\nGerardLenormand<br \/>\nGojira<br \/>\nGotanProjec<br \/>\nGrandCorpsMalade<br \/>\nGregoire<br \/>\nGeneral Electriks[\/vc_column_text][\/vc_accordion_tab][vc_accordion_tab title=\u00a0\u00bbK\u00a0\u00bb tab_id=\u00a0\u00bb9fbb0660-eb50-5&Prime;][vc_column_text uncode_shortcode_id=\u00a0\u00bb101549&Prime;]Kalash<br \/>\nKaolin<br \/>\nKendjiGirac<br \/>\nKenyArkana<br \/>\nKidsUnited<br \/>\nKyo[\/vc_column_text][\/vc_accordion_tab][vc_accordion_tab title=\u00a0\u00bbO\u00a0\u00bb tab_id=\u00a0\u00bbb99127de-f061-5&Prime;][vc_column_text uncode_shortcode_id=\u00a0\u00bb562829&Prime;]OliviaRuiz<br \/>\nOlympe<br \/>\nOrelsan<br \/>\nOxmoPuccino[\/vc_column_text][\/vc_accordion_tab][vc_accordion_tab title=\u00a0\u00bbT\u00a0\u00bb tab_id=\u00a0\u00bb24983446-d788-0&Prime;][vc_column_text uncode_shortcode_id=\u00a0\u00bb810295&Prime;]Tayc<br \/>\nTal<br \/>\nTheDoe<br \/>\nTheShoes<br \/>\nThomasDutronc<br \/>\nThomasFersen<br \/>\nTroisCaf\u00e9sGourmands<br \/>\nTryo[\/vc_column_text][\/vc_accordion_tab][vc_accordion_tab title=\u00a0\u00bbZ\u00a0\u00bb tab_id=\u00a0\u00bb68915f6d-d959-6&Prime;][vc_column_text uncode_shortcode_id=\u00a0\u00bb179355&Prime;]Zazie[\/vc_column_text][\/vc_accordion_tab][\/vc_accordion][\/vc_column][vc_column width=\u00a0\u00bb1\/4&Prime;][vc_accordion gutter_simple=\u00a0\u00bb0&Prime; active_tab=\u00a0\u00bb0&Prime; uncode_shortcode_id=\u00a0\u00bb210194&Prime;][vc_accordion_tab title=\u00a0\u00bbD\u00a0\u00bb tab_id=\u00a0\u00bb7de8c021-728c-1&Prime;][vc_column_text uncode_shortcode_id=\u00a0\u00bb665001&Prime;]Dadju<br \/>\nDaho<br \/>\nDamienSaez<br \/>\nDamso<br \/>\nDanyBrillant<br \/>\nDavidGuetta<br \/>\nDeluxe<br \/>\nG\u00e9raldDePalmas<br \/>\nDetroit<br \/>\nDiams<br \/>\nDizis<br \/>\nDjadja&amp;Dinaz<br \/>\nDocGenico<br \/>\nDtf[\/vc_column_text][\/vc_accordion_tab][vc_accordion_tab title=\u00a0\u00bbH\u00a0\u00bb tab_id=\u00a0\u00bbb0f9895d-d000-3&Prime;][vc_column_text uncode_shortcode_id=\u00a0\u00bb200288&Prime;]Hoshi<br \/>\nHuguesAufray<br \/>\nHyphenHyphen[\/vc_column_text][\/vc_accordion_tab][vc_accordion_tab title=\u00a0\u00bbL\u00a0\u00bb tab_id=\u00a0\u00bb298161a5-fd52-1&Prime;][vc_column_text uncode_shortcode_id=\u00a0\u00bb162156&Prime;]LadySir<br \/>\nLaGrandeSophie<br \/>\nLalaAndCe<br \/>\nLaraFabian<br \/>\nLeRoiSoleil<br \/>\nLeroyGomez<br \/>\nLesInsus<br \/>\nLesVieillesCanailles<br \/>\nLianeFoly<br \/>\nLillyWoodAndThePrick<br \/>\nLimperatrice<br \/>\nLomepal<br \/>\nLorie<br \/>\nLouane<br \/>\nLouiseAttaque<br \/>\nLuzCasal<br \/>\nLynda[\/vc_column_text][\/vc_accordion_tab][vc_accordion_tab title=\u00a0\u00bbP\u00a0\u00bb tab_id=\u00a0\u00bb74eb3324-b7a4-2&Prime;][vc_column_text uncode_shortcode_id=\u00a0\u00bb135466&Prime;]PascalObispo<br \/>\nPatriciaKaas<br \/>\nPatrickFiori<br \/>\nPatrickHernandez<br \/>\nPetitBiscuit<br \/>\nPnl<br \/>\nPolnareff<br \/>\nPomme<br \/>\nPonyPonyRunRun<br \/>\nPriscillaFolleDuDesert<br \/>\nPierre de Maere[\/vc_column_text][\/vc_accordion_tab][vc_accordion_tab title=\u00a0\u00bbV\u00a0\u00bb tab_id=\u00a0\u00bbeeefe28a-040f-1&Prime;][vc_column_text uncode_shortcode_id=\u00a0\u00bb109686&Prime;]VanessaParadis<br \/>\nVeroniqueSanson<br \/>\nVianne<br \/>\nVita&amp;Slimane<br \/>\nVieillesCanailles[\/vc_column_text][\/vc_accordion_tab][\/vc_accordion][\/vc_column][\/vc_row][vc_row unlock_row_content=\u00a0\u00bbyes\u00a0\u00bb row_height_percent=\u00a0\u00bb45&Prime; back_color=\u00a0\u00bbcolor-nhtu\u00a0\u00bb back_image=\u00a0\u00bb50419&Prime; parallax=\u00a0\u00bbyes\u00a0\u00bb overlay_color=\u00a0\u00bbcolor-nhtu\u00a0\u00bb overlay_alpha=\u00a0\u00bb50&Prime; gutter_size=\u00a0\u00bb3&Prime; column_width_percent=\u00a0\u00bb100&Prime; shift_y=\u00a0\u00bb0&Prime; z_index=\u00a0\u00bb0&Prime; uncode_shortcode_id=\u00a0\u00bb191625&Prime; back_color_type=\u00a0\u00bbuncode-palette\u00a0\u00bb overlay_color_type=\u00a0\u00bbuncode-palette\u00a0\u00bb][vc_column column_width_percent=\u00a0\u00bb100&Prime; position_vertical=\u00a0\u00bbbottom\u00a0\u00bb gutter_size=\u00a0\u00bb3&Prime; style=\u00a0\u00bbdark\u00a0\u00bb overlay_alpha=\u00a0\u00bb50&Prime; shift_x=\u00a0\u00bb0&Prime; shift_y=\u00a0\u00bb0&Prime; shift_y_down=\u00a0\u00bb0&Prime; z_index=\u00a0\u00bb0&Prime; medium_width=\u00a0\u00bb0&Prime; mobile_width=\u00a0\u00bb0&Prime; width=\u00a0\u00bb1\/1&Prime; uncode_shortcode_id=\u00a0\u00bb617789&Prime;][vc_custom_heading]MUSICIANS[\/vc_custom_heading][\/vc_column][\/vc_row][vc_row][vc_column width=\u00a0\u00bb1\/1&Prime;][vc_accordion active_tab=\u00a0\u00bb0&Prime;][vc_accordion_tab title=\u00a0\u00bbBATT\u00a0\u00bb tab_id=\u00a0\u00bbf1ca51e8-d250-7&Prime;][vc_column_text]-Abe Laboriel jr<br \/>\n-Loic Pontieux<br \/>\n-Jean-Phi FanFant<br \/>\n-Jost nickel<br \/>\n-Christophe Deschamps<br \/>\n-David Salkin<br \/>\n-Christophe Dubois<br \/>\n-Adrien Verderame<br \/>\n-Alain Bokken<br \/>\n-Gil Gimenez<br \/>\n-Mickael Boudoux<br \/>\n-Frederic jaquemin<br \/>\n-Mathieu Rabat\u00e9<br \/>\n-Nicolas Montazaud<br \/>\n-Franck Ridacker<br \/>\n-Richard Kolinka<br \/>\n-Matthieu Zirn<br \/>\n-Fred Pace<br \/>\n-Mickael D\u00e9sir<br \/>\n-Nicolas Tanda[\/vc_column_text][\/vc_accordion_tab][vc_accordion_tab title=\u00a0\u00bbBASS\u00a0\u00bb tab_id=\u00a0\u00bb14abe8b3-5ba5-10&Prime;][vc_column_text]-Laurent Vernerey<br \/>\n-Thierry Fanfant<br \/>\n-Nicolas Fiszman<br \/>\n-Paul Bushnell<br \/>\n-Evert verhees<br \/>\n-Jacques Pili<br \/>\n-Nicolas Barsol<br \/>\n-Olivier brossard<br \/>\n-Laurent Gaudais<br \/>\n-Laurent Cokeleare<br \/>\n-Dominique Bertram<br \/>\n-Pierre Lavandon<br \/>\n-David Lefrevre[\/vc_column_text][\/vc_accordion_tab][vc_accordion_tab title=\u00a0\u00bbGUIT\u00a0\u00bb tab_id=\u00a0\u00bb7f647c77-1d18-6&Prime;][vc_column_text]-S\u00e9bastien Chouard<br \/>\n-Jack Ada<br \/>\n-Laurent Roubach<br \/>\n-Michel Aym\u00e9<br \/>\n-Emmanuel Rodier<br \/>\n-Fabien galland<br \/>\n-philippe Paradis<br \/>\n-Olivier Gadet<br \/>\n-Roman Chelminski<br \/>\n-Yannick Chouiller<br \/>\n-Milton Mc Donald<br \/>\n-Eric Lafont<br \/>\n-Thomas Coeuriot<br \/>\n-Basile Leroux<br \/>\n-Gildas Arzel<br \/>\n-Michel Gaucher<br \/>\n-John woolloff<br \/>\n-Herve Brault<br \/>\n-Perry Guyneed:<br \/>\n-Olivier Marly<br \/>\n-Mickael Ohayon<br \/>\n-Olivier Bron<br \/>\n-Xavier Hamon<br \/>\n-J-f Bourassin<br \/>\n-Jean-felix Lalanne<br \/>\n-Olivier de sat[\/vc_column_text][\/vc_accordion_tab][vc_accordion_tab title=\u00a0\u00bbKEYS\u00a0\u00bb tab_id=\u00a0\u00bb86f146a3-199d-4&Prime;][vc_column_text]-Michel Amsellem<br \/>\n-Yvan Cassar<br \/>\n-Paolo Ragatzu<br \/>\n-Pierre D\u2019angelo<br \/>\n-Frederic Renaudin<br \/>\n-Eric Chevalier<br \/>\n-Idriss El Mehdi<br \/>\n-Mery Jean max<br \/>\n-jean-pierre Pilot<br \/>\n-Jeremy jouniaux<br \/>\n-Aur\u00e9lien Mazin[\/vc_column_text][\/vc_accordion_tab][vc_accordion_tab title=\u00a0\u00bbHORNS\u00a0\u00bb tab_id=\u00a0\u00bb1bbf213a-0159-0&Prime;][vc_column_text]-Gourdikian herv\u00e9<br \/>\n-Lerech Patrice<br \/>\n-Christophe Negre[\/vc_column_text][\/vc_accordion_tab][\/vc_accordion][\/vc_column][\/vc_row][vc_row unlock_row_content=\u00a0\u00bbyes\u00a0\u00bb row_height_percent=\u00a0\u00bb45&Prime; back_color=\u00a0\u00bbcolor-nhtu\u00a0\u00bb back_image=\u00a0\u00bb50420&Prime; parallax=\u00a0\u00bbyes\u00a0\u00bb overlay_color=\u00a0\u00bbcolor-nhtu\u00a0\u00bb overlay_alpha=\u00a0\u00bb50&Prime; gutter_size=\u00a0\u00bb3&Prime; column_width_percent=\u00a0\u00bb100&Prime; shift_y=\u00a0\u00bb0&Prime; z_index=\u00a0\u00bb0&Prime; uncode_shortcode_id=\u00a0\u00bb154297&Prime; back_color_type=\u00a0\u00bbuncode-palette\u00a0\u00bb overlay_color_type=\u00a0\u00bbuncode-palette\u00a0\u00bb][vc_column column_width_percent=\u00a0\u00bb100&Prime; position_vertical=\u00a0\u00bbbottom\u00a0\u00bb gutter_size=\u00a0\u00bb3&Prime; style=\u00a0\u00bbdark\u00a0\u00bb overlay_alpha=\u00a0\u00bb50&Prime; shift_x=\u00a0\u00bb0&Prime; shift_y=\u00a0\u00bb0&Prime; shift_y_down=\u00a0\u00bb0&Prime; z_index=\u00a0\u00bb0&Prime; medium_width=\u00a0\u00bb0&Prime; mobile_width=\u00a0\u00bb0&Prime; width=\u00a0\u00bb1\/1&Prime; uncode_shortcode_id=\u00a0\u00bb978794&Prime;][vc_custom_heading]ENGINEERS[\/vc_custom_heading][\/vc_column][\/vc_row][vc_row][vc_column width=\u00a0\u00bb1\/1&Prime;][vc_column_text]-Laurent Midas:\u00a0Christophe Mae, Zazie, Johnny Hallyday, Myl\u00e8ne Farmer,\u00a0Julien Clerc,\u00a0Calog\u00e9ro, Aliz\u00e9e, Nolwenn, Obispo, Mat Pokora, Danse avec les stars\u2026<br \/>\n-Benjamin Rico: Florent Pagny, Jenifer, Chim\u00e8ne Badi, Superbus, Lorie\u2026<br \/>\n-Julien Vouillon: Raphael, Art mengo, J-M Jarre, St germain, Star acad\u00e9mie\u2026.<br \/>\n-Axel Vivini: Stars 80, The voice, Christophe Willem, Florent Pagny, Nolwenn Leroy, Danse avec les stars\u2026<br \/>\n-Nicolas D\u2019amato: Charlie Winston, Charles Aznavour, M, Amel Bent, Christophe Willem, Beat Assailant\u2026<br \/>\n-julien Decarne: Superbus, Vanessa Paradis, Zebda\u2026<br \/>\n-Sandrine Dauteuil: Chim\u00e8ne Badi, Star acad\u00e9mie\u2026<br \/>\n-Matthieu Speck: Michele Torr, ATTB,\u00a0Nolwenn Leroy et ZAZ, Chico et les Gypsies\u2026.<br \/>\n-Christian Domiguez: Gotan Project..<br \/>\n-Remy Katan: Sinclair.<br \/>\n-Leo Mercury: Roi soleil.<br \/>\n-Martial Allix: Roi soleil.<br \/>\n-Charles Exbrayat: Kaolin.<br \/>\n-Olivier Hoste: Aaron.<br \/>\n-Bernard Maiquez: Aaron.<br \/>\n-Fran\u00e7ois Brely: Veronique Sanson\u2026<br \/>\n-Florent bergerot: M, De palmas\u2026<br \/>\n-Christophe G\u00e9nix: Indochine \u2013 Yodelice \u2013 NTM \u2013 Joey Starr \u2013 July Z\u00e9natti \u2013 Renaud, ZAZ\u2026<br \/>\n-Xavier Gendron: Lara Fabian, Myl\u00e8ne Farmer, Calogero,Michel Sardou\u2026<br \/>\n-Remy Blanchet: Farmer, Halliday\u2026<br \/>\n-Manue Corbeau: Kyo, David Hallyday.<br \/>\n-Rob Mancuso: Natasha St Pier, Isabelle Boulay, Roch Voisine\u2026<br \/>\n-Luc Dehesdin: Lavilliers.<br \/>\n-Stephane Kijek: Lara Fabian, Arno\u2026<br \/>\n-S\u00e9bastien Rouget: Lara Fabian..<br \/>\n-Stephane Charpenne: Luz Casal..<br \/>\n-Steve Tang: Farmer, U2\u2026.<br \/>\n-David Chancereul: Liane Foly..<br \/>\n-Bertin meynard: Aubert..<br \/>\n-St\u00e9phane Jouve: Calog\u00e9ro..<br \/>\n-Alberto Liras: Estopa..<br \/>\n-Bruno Deillon: Mc Solaar\u2026<br \/>\n-Denis DI CARLO: Michel Torr, Marcel Amont\u2026<br \/>\n-Madj Malke: Johnny Hallyday, Peter Gabriel, Radiohead, Trust, Bernard Lavilliers, Renaud, Calogero\u2026<br \/>\n-Julien Decarne: Vanessa Paradis, M, Superbus\u2026<br \/>\n-Renaud Till: Woodkid, Corneille, Abd Al Malik, The Shoes.[\/vc_column_text][\/vc_column][\/vc_row][vc_row unlock_row_content=\u00a0\u00bbyes\u00a0\u00bb row_height_percent=\u00a0\u00bb45&Prime; back_color=\u00a0\u00bbcolor-nhtu\u00a0\u00bb back_image=\u00a0\u00bb50418&Prime; parallax=\u00a0\u00bbyes\u00a0\u00bb overlay_color=\u00a0\u00bbcolor-nhtu\u00a0\u00bb overlay_alpha=\u00a0\u00bb50&Prime; gutter_size=\u00a0\u00bb3&Prime; column_width_percent=\u00a0\u00bb100&Prime; shift_y=\u00a0\u00bb0&Prime; z_index=\u00a0\u00bb0&Prime; uncode_shortcode_id=\u00a0\u00bb156540&Prime; back_color_type=\u00a0\u00bbuncode-palette\u00a0\u00bb overlay_color_type=\u00a0\u00bbuncode-palette\u00a0\u00bb][vc_column column_width_percent=\u00a0\u00bb100&Prime; position_vertical=\u00a0\u00bbbottom\u00a0\u00bb gutter_size=\u00a0\u00bb3&Prime; style=\u00a0\u00bbdark\u00a0\u00bb overlay_alpha=\u00a0\u00bb50&Prime; shift_x=\u00a0\u00bb0&Prime; shift_y=\u00a0\u00bb0&Prime; shift_y_down=\u00a0\u00bb0&Prime; z_index=\u00a0\u00bb0&Prime; medium_width=\u00a0\u00bb0&Prime; mobile_width=\u00a0\u00bb0&Prime; width=\u00a0\u00bb1\/1&Prime; uncode_shortcode_id=\u00a0\u00bb873490&Prime;][vc_custom_heading]TV[\/vc_custom_heading][\/vc_column][\/vc_row][vc_row][vc_column width=\u00a0\u00bb1\/1&Prime;][vc_column_text]-BEIN SPORT<br \/>\n-FRANCE TELEVISION<br \/>\n-BFM TV<br \/>\n-M6<br \/>\n-TF1 SPORT<br \/>\n-TF1<br \/>\n-D8[\/vc_column_text][\/vc_column][\/vc_row]<\/p>\n<\/div>","protected":false},"excerpt":{"rendered":"<p>[vc_row unlock_row_content=\u00a0\u00bbyes\u00a0\u00bb row_height_percent=\u00a0\u00bb45&Prime; back_color=\u00a0\u00bbcolor-nhtu\u00a0\u00bb back_image=\u00a0\u00bb49386&Prime; parallax=\u00a0\u00bbyes\u00a0\u00bb overlay_color=\u00a0\u00bbcolor-nhtu\u00a0\u00bb overlay_alpha=\u00a0\u00bb50&Prime; gutter_size=\u00a0\u00bb3&Prime; column_width_percent=\u00a0\u00bb100&Prime; shift_y=\u00a0\u00bb0&Prime; z_index=\u00a0\u00bb0&Prime; uncode_shortcode_id=\u00a0\u00bb146262&Prime; back_color_type=\u00a0\u00bbuncode-palette\u00a0\u00bb overlay_color_type=\u00a0\u00bbuncode-palette\u00a0\u00bb][vc_column column_width_percent=\u00a0\u00bb100&Prime; position_vertical=\u00a0\u00bbbottom\u00a0\u00bb gutter_size=\u00a0\u00bb3&Prime; style=\u00a0\u00bbdark\u00a0\u00bb overlay_alpha=\u00a0\u00bb50&Prime; [&hellip;]<\/p>\n","protected":false},"author":1,"featured_media":0,"parent":0,"menu_order":0,"comment_status":"open","ping_status":"closed","template":"","meta":{"footnotes":""},"class_list":["post-48734","page","type-page","status-publish","hentry"],"aioseo_notices":[],"_links":{"self":[{"href":"https:\/\/www.earsonics.com\/in-ear-monitors\/wp-json\/wp\/v2\/pages\/48734","targetHints":{"allow":["GET"]}}],"collection":[{"href":"https:\/\/www.earsonics.com\/in-ear-monitors\/wp-json\/wp\/v2\/pages"}],"about":[{"href":"https:\/\/www.earsonics.com\/in-ear-monitors\/wp-json\/wp\/v2\/types\/page"}],"author":[{"embeddable":true,"href":"https:\/\/www.earsonics.com\/in-ear-monitors\/wp-json\/wp\/v2\/users\/1"}],"replies":[{"embeddable":true,"href":"https:\/\/www.earsonics.com\/in-ear-monitors\/wp-json\/wp\/v2\/comments?post=48734"}],"version-history":[{"count":3,"href":"https:\/\/www.earsonics.com\/in-ear-monitors\/wp-json\/wp\/v2\/pages\/48734\/revisions"}],"predecessor-version":[{"id":57056,"href":"https:\/\/www.earsonics.com\/in-ear-monitors\/wp-json\/wp\/v2\/pages\/48734\/revisions\/57056"}],"wp:attachment":[{"href":"https:\/\/www.earsonics.com\/in-ear-monitors\/wp-json\/wp\/v2\/media?parent=48734"}],"curies":[{"name":"wp","href":"https:\/\/api.w.org\/{rel}","templated":true}]}}