{"id":52254,"date":"2018-05-31T16:55:57","date_gmt":"2018-05-31T14:55:57","guid":{"rendered":"http:\/\/www.earsonics.com\/in-ear-monitors\/?page_id=52254\/"},"modified":"2020-05-21T21:54:59","modified_gmt":"2020-05-21T19:54:59","slug":"birdy-hd","status":"publish","type":"page","link":"https:\/\/www.earsonics.com\/in-ear-monitors\/birdy-hd\/","title":{"rendered":"BIRDY HD"},"content":{"rendered":"<div class=\"wpb-content-wrapper\"><p>[vc_row row_height_percent=\u00a0\u00bb100&Prime; back_image=\u00a0\u00bb52359&Prime; parallax=\u00a0\u00bbyes\u00a0\u00bb kburns=\u00a0\u00bbyes\u00a0\u00bb overlay_alpha=\u00a0\u00bb50&Prime; gutter_size=\u00a0\u00bb3&Prime; column_width_percent=\u00a0\u00bb100&Prime; shift_y=\u00a0\u00bb0&Prime; z_index=\u00a0\u00bb0&Prime;][vc_column column_width_percent=\u00a0\u00bb100&Prime; position_vertical=\u00a0\u00bbmiddle\u00a0\u00bb gutter_size=\u00a0\u00bb3&Prime; override_padding=\u00a0\u00bbyes\u00a0\u00bb column_padding=\u00a0\u00bb0&Prime; expand_height=\u00a0\u00bbyes\u00a0\u00bb overlay_alpha=\u00a0\u00bb50&Prime; shift_x=\u00a0\u00bb0&Prime; shift_y=\u00a0\u00bb0&Prime; z_index=\u00a0\u00bb0&Prime; medium_width=\u00a0\u00bb0&Prime; width=\u00a0\u00bb2\/3&Prime;][vc_empty_space][\/vc_column][vc_column column_width_percent=\u00a0\u00bb100&Prime; position_vertical=\u00a0\u00bbmiddle\u00a0\u00bb align_horizontal=\u00a0\u00bbalign_center\u00a0\u00bb gutter_size=\u00a0\u00bb3&Prime; style=\u00a0\u00bbdark\u00a0\u00bb overlay_alpha=\u00a0\u00bb50&Prime; shift_x=\u00a0\u00bb0&Prime; shift_y=\u00a0\u00bb0&Prime; shift_y_down=\u00a0\u00bb0&Prime; z_index=\u00a0\u00bb0&Prime; medium_width=\u00a0\u00bb0&Prime; mobile_width=\u00a0\u00bb0&Prime; width=\u00a0\u00bb1\/3&Prime;][vc_single_image media=\u00a0\u00bb52523&Prime; media_width_percent=\u00a0\u00bb24&Prime; alignment=\u00a0\u00bbcenter\u00a0\u00bb][vc_empty_space empty_h=\u00a0\u00bb2&Prime;][vc_custom_heading text_size=\u00a0\u00bbfontsize-338686&Prime; text_weight=\u00a0\u00bb100&Prime; text_height=\u00a0\u00bbfontheight-578034&Prime; sub_lead=\u00a0\u00bbyes\u00a0\u00bb sub_reduced=\u00a0\u00bbyes\u00a0\u00bb subheading=\u00a0\u00bbLe Son EarSonics, Maintenant sans Fil.\u00a0\u00bb]BIRDY HD[\/vc_custom_heading][vc_button button_color=\u00a0\u00bbcolor-632047&Prime; radius=\u00a0\u00bbbtn-round\u00a0\u00bb border_width=\u00a0\u00bb0&Prime; width=\u00a0\u00bb200&Prime; link=\u00a0\u00bburl:http%3A%2F%2Fwww.earsonics.com%2Fstore%2F|||\u00a0\u00bb]ACHETER[\/vc_button][\/vc_column][\/vc_row][vc_row unlock_row_content=\u00a0\u00bbyes\u00a0\u00bb row_height_percent=\u00a0\u00bb70&Prime; override_padding=\u00a0\u00bbyes\u00a0\u00bb h_padding=\u00a0\u00bb0&Prime; top_padding=\u00a0\u00bb0&Prime; bottom_padding=\u00a0\u00bb0&Prime; back_color=\u00a0\u00bbcolor-lxmt\u00a0\u00bb overlay_alpha=\u00a0\u00bb50&Prime; gutter_size=\u00a0\u00bb3&Prime; shift_y=\u00a0\u00bb0&Prime;][vc_column column_width_percent=\u00a0\u00bb50&Prime; position_vertical=\u00a0\u00bbmiddle\u00a0\u00bb gutter_size=\u00a0\u00bb3&Prime; override_padding=\u00a0\u00bbyes\u00a0\u00bb column_padding=\u00a0\u00bb2&Prime; overlay_alpha=\u00a0\u00bb50&Prime; shift_x=\u00a0\u00bb0&Prime; shift_y=\u00a0\u00bb0&Prime; z_index=\u00a0\u00bb0&Prime; medium_width=\u00a0\u00bb0&Prime; width=\u00a0\u00bb1\/2&Prime;][vc_empty_space empty_h=\u00a0\u00bb2&Prime;][vc_custom_heading text_color=\u00a0\u00bbcolor-632047&Prime;]PHILOSOPHIE[\/vc_custom_heading][vc_column_text]<\/p>\n<h4>BIRDY rend d\u00e9sormais r\u00e9el ce qui paraissait jusque-l\u00e0 impossible :\u00a0la qualit\u00e9 de son du filaire avec la technologie sans-fil bluetooth.<\/h4>\n<p>[\/vc_column_text][vc_column_text]<\/p>\n<h4>Con\u00e7u pour une \u00e9coute 100% nomade.<br \/>\nO\u00f9 que vous soyez, profitez de votre musique sans fil et vivez le son <strong>haute r\u00e9solution<\/strong>.<\/h4>\n<p>[\/vc_column_text][vc_column_text]<\/p>\n<h4>Nous avons choisi d\u2019\u00e9quiper BIRDY avec la technologie\u00a0<strong>aptX HD<\/strong> nous permettant ainsi d\u2019offrir une qualit\u00e9 de niveau CD audio. Le Bluetooth peut enfin rimer avec une qualit\u00e9 de <strong>son audiophile<\/strong>.<\/h4>\n<p>[\/vc_column_text][\/vc_column][vc_column column_width_percent=\u00a0\u00bb100&Prime; position_horizontal=\u00a0\u00bbleft\u00a0\u00bb position_vertical=\u00a0\u00bbmiddle\u00a0\u00bb gutter_size=\u00a0\u00bb3&Prime; override_padding=\u00a0\u00bbyes\u00a0\u00bb column_padding=\u00a0\u00bb2&Prime; expand_height=\u00a0\u00bbyes\u00a0\u00bb overlay_alpha=\u00a0\u00bb50&Prime; shift_x=\u00a0\u00bb0&Prime; shift_y=\u00a0\u00bb0&Prime; shift_y_down=\u00a0\u00bb0&Prime; z_index=\u00a0\u00bb0&Prime; medium_width=\u00a0\u00bb0&Prime; mobile_width=\u00a0\u00bb0&Prime; width=\u00a0\u00bb1\/2&Prime;][vc_single_image media=\u00a0\u00bb54166&Prime; media_width_percent=\u00a0\u00bb100&Prime; alignment=\u00a0\u00bbcenter\u00a0\u00bb shape=\u00a0\u00bbimg-circle\u00a0\u00bb css_animation=\u00a0\u00bbalpha-anim\u00a0\u00bb animation_speed=\u00a0\u00bb1000&Prime;][\/vc_column][\/vc_row][vc_row unlock_row_content=\u00a0\u00bbyes\u00a0\u00bb row_height_percent=\u00a0\u00bb80&Prime; override_padding=\u00a0\u00bbyes\u00a0\u00bb h_padding=\u00a0\u00bb0&Prime; top_padding=\u00a0\u00bb0&Prime; bottom_padding=\u00a0\u00bb0&Prime; back_color=\u00a0\u00bbcolor-prif\u00a0\u00bb overlay_alpha=\u00a0\u00bb50&Prime; gutter_size=\u00a0\u00bb3&Prime; column_width_percent=\u00a0\u00bb100&Prime; shift_y=\u00a0\u00bb0&Prime; z_index=\u00a0\u00bb0&Prime;][vc_column column_width_percent=\u00a0\u00bb100&Prime; position_vertical=\u00a0\u00bbmiddle\u00a0\u00bb gutter_size=\u00a0\u00bb3&Prime; override_padding=\u00a0\u00bbyes\u00a0\u00bb column_padding=\u00a0\u00bb0&Prime; expand_height=\u00a0\u00bbyes\u00a0\u00bb overlay_alpha=\u00a0\u00bb50&Prime; shift_x=\u00a0\u00bb0&Prime; shift_y=\u00a0\u00bb0&Prime; z_index=\u00a0\u00bb0&Prime; medium_width=\u00a0\u00bb0&Prime; width=\u00a0\u00bb1\/2&Prime;][vc_single_image media=\u00a0\u00bb52305&Prime; media_width_percent=\u00a0\u00bb100&Prime; css_animation=\u00a0\u00bbright-t-left\u00a0\u00bb animation_speed=\u00a0\u00bb900&Prime; animation_delay=\u00a0\u00bb400&Prime;][vc_empty_space empty_h=\u00a0\u00bb2&Prime;][vc_empty_space empty_h=\u00a0\u00bb2&Prime;][\/vc_column][vc_column column_width_percent=\u00a0\u00bb50&Prime; position_vertical=\u00a0\u00bbmiddle\u00a0\u00bb gutter_size=\u00a0\u00bb3&Prime; override_padding=\u00a0\u00bbyes\u00a0\u00bb column_padding=\u00a0\u00bb2&Prime; style=\u00a0\u00bbdark\u00a0\u00bb overlay_alpha=\u00a0\u00bb50&Prime; shift_x=\u00a0\u00bb0&Prime; shift_y=\u00a0\u00bb0&Prime; shift_y_down=\u00a0\u00bb0&Prime; z_index=\u00a0\u00bb0&Prime; medium_width=\u00a0\u00bb0&Prime; mobile_width=\u00a0\u00bb0&Prime; width=\u00a0\u00bb1\/2&Prime;][vc_custom_heading text_color=\u00a0\u00bbcolor-632047&Prime;]UN SON EXCEPTIONNEL[\/vc_custom_heading][vc_column_text]<\/p>\n<h4>Afin de maintenir un haut niveau de qualit\u00e9 sonore, nous avons \u00e9quip\u00e9 BIRDY d\u2019un <strong>DAC<\/strong> et d\u2019un ampli de qualit\u00e9 audiophile.<\/h4>\n<h4>Son <strong>moteur audio<\/strong> a \u00e9t\u00e9 optimis\u00e9 afin d\u2019offrir une totale comptabilit\u00e9 sonore avec nos intra-auriculaires gr\u00e2ce au traitement num\u00e9rique et l\u2019ajout de deux modes pr\u00e9r\u00e9gl\u00e9s: Pr\u00e9sence et <strong>3D<\/strong>.<\/h4>\n<p>[\/vc_column_text][vc_column_text]<\/p>\n<h4>O\u00f9 que vous alliez, dor\u00e9navant vous n\u2019aurez besoin que de votre smartphone ou de votre baladeur pour profiter d&rsquo;une qualit\u00e9 audio audiophile.<\/h4>\n<p>[\/vc_column_text][\/vc_column][\/vc_row][vc_row unlock_row_content=\u00a0\u00bbyes\u00a0\u00bb row_height_percent=\u00a0\u00bb70&Prime; override_padding=\u00a0\u00bbyes\u00a0\u00bb h_padding=\u00a0\u00bb0&Prime; top_padding=\u00a0\u00bb0&Prime; bottom_padding=\u00a0\u00bb0&Prime; back_color=\u00a0\u00bbcolor-lxmt\u00a0\u00bb overlay_alpha=\u00a0\u00bb50&Prime; gutter_size=\u00a0\u00bb3&Prime; shift_y=\u00a0\u00bb0&Prime;][vc_column column_width_percent=\u00a0\u00bb50&Prime; position_vertical=\u00a0\u00bbmiddle\u00a0\u00bb gutter_size=\u00a0\u00bb3&Prime; override_padding=\u00a0\u00bbyes\u00a0\u00bb column_padding=\u00a0\u00bb2&Prime; overlay_alpha=\u00a0\u00bb50&Prime; shift_x=\u00a0\u00bb0&Prime; shift_y=\u00a0\u00bb0&Prime; z_index=\u00a0\u00bb0&Prime; medium_width=\u00a0\u00bb0&Prime; width=\u00a0\u00bb1\/2&Prime;][vc_empty_space empty_h=\u00a0\u00bb2&Prime;][vc_custom_heading text_color=\u00a0\u00bbcolor-632047&Prime;]Main-Libre \/ Appels t\u00e9l\u00e9phoniques[\/vc_custom_heading][vc_column_text]<\/p>\n<h4>Compatible <b>iOS\u00a0<\/b>et\u00a0<b>Android, <\/b>BIRDY int\u00e8gre un micro et poss\u00e8de des touches de contr\u00f4le permettant la r\u00e9ception des appels entrants ainsi que la lecture et le volume. Il vous sera donc possible de recevoir vos appels sans avoir \u00e0 sortir votre t\u00e9l\u00e9phone.<\/h4>\n<p>[\/vc_column_text][\/vc_column][vc_column column_width_percent=\u00a0\u00bb100&Prime; position_vertical=\u00a0\u00bbmiddle\u00a0\u00bb gutter_size=\u00a0\u00bb3&Prime; override_padding=\u00a0\u00bbyes\u00a0\u00bb column_padding=\u00a0\u00bb0&Prime; expand_height=\u00a0\u00bbyes\u00a0\u00bb overlay_alpha=\u00a0\u00bb50&Prime; shift_x=\u00a0\u00bb0&Prime; shift_y=\u00a0\u00bb0&Prime; z_index=\u00a0\u00bb0&Prime; medium_width=\u00a0\u00bb0&Prime; width=\u00a0\u00bb1\/2&Prime;][vc_single_image media=\u00a0\u00bb52388&Prime; media_width_percent=\u00a0\u00bb100&Prime; alignment=\u00a0\u00bbcenter\u00a0\u00bb css_animation=\u00a0\u00bbtop-t-bottom\u00a0\u00bb animation_speed=\u00a0\u00bb600&Prime; animation_delay=\u00a0\u00bb300&Prime;][vc_empty_space empty_h=\u00a0\u00bb2&Prime;][\/vc_column][\/vc_row][vc_row unlock_row_content=\u00a0\u00bbyes\u00a0\u00bb row_height_percent=\u00a0\u00bb37&Prime; override_padding=\u00a0\u00bbyes\u00a0\u00bb h_padding=\u00a0\u00bb0&Prime; top_padding=\u00a0\u00bb0&Prime; bottom_padding=\u00a0\u00bb0&Prime; back_image=\u00a0\u00bb52322&Prime; overlay_alpha=\u00a0\u00bb50&Prime; gutter_size=\u00a0\u00bb3&Prime; shift_y=\u00a0\u00bb0&Prime;][vc_column column_width_percent=\u00a0\u00bb100&Prime; position_vertical=\u00a0\u00bbmiddle\u00a0\u00bb align_horizontal=\u00a0\u00bbalign_center\u00a0\u00bb gutter_size=\u00a0\u00bb3&Prime; override_padding=\u00a0\u00bbyes\u00a0\u00bb column_padding=\u00a0\u00bb2&Prime; style=\u00a0\u00bbdark\u00a0\u00bb overlay_alpha=\u00a0\u00bb50&Prime; shift_x=\u00a0\u00bb0&Prime; shift_y=\u00a0\u00bb0&Prime; z_index=\u00a0\u00bb0&Prime; medium_width=\u00a0\u00bb0&Prime; width=\u00a0\u00bb1\/1&Prime;][vc_custom_heading text_size=\u00a0\u00bbfontsize-155944&Prime; text_weight=\u00a0\u00bb100&Prime;]Le r\u00e9cepteur bluetooth nomade HD[\/vc_custom_heading][\/vc_column][\/vc_row][vc_row unlock_row_content=\u00a0\u00bbyes\u00a0\u00bb row_height_percent=\u00a0\u00bb70&Prime; override_padding=\u00a0\u00bbyes\u00a0\u00bb h_padding=\u00a0\u00bb0&Prime; top_padding=\u00a0\u00bb0&Prime; bottom_padding=\u00a0\u00bb0&Prime; back_color=\u00a0\u00bbcolor-lxmt\u00a0\u00bb overlay_alpha=\u00a0\u00bb50&Prime; gutter_size=\u00a0\u00bb3&Prime; shift_y=\u00a0\u00bb0&Prime;][vc_column column_width_percent=\u00a0\u00bb100&Prime; position_vertical=\u00a0\u00bbmiddle\u00a0\u00bb align_horizontal=\u00a0\u00bbalign_center\u00a0\u00bb gutter_size=\u00a0\u00bb3&Prime; override_padding=\u00a0\u00bbyes\u00a0\u00bb column_padding=\u00a0\u00bb2&Prime; expand_height=\u00a0\u00bbyes\u00a0\u00bb overlay_alpha=\u00a0\u00bb50&Prime; shift_x=\u00a0\u00bb0&Prime; shift_y=\u00a0\u00bb0&Prime; z_index=\u00a0\u00bb0&Prime; medium_width=\u00a0\u00bb0&Prime; width=\u00a0\u00bb2\/3&Prime;][vc_empty_space empty_h=\u00a0\u00bb2&Prime;][vc_single_image media=\u00a0\u00bb52428&Prime; media_width_percent=\u00a0\u00bb100&Prime; alignment=\u00a0\u00bbcenter\u00a0\u00bb css_animation=\u00a0\u00bbright-t-left\u00a0\u00bb animation_speed=\u00a0\u00bb900&Prime; animation_delay=\u00a0\u00bb400&Prime;][vc_empty_space empty_h=\u00a0\u00bb3&Prime;][vc_single_image media=\u00a0\u00bb52342&Prime; media_width_percent=\u00a0\u00bb65&Prime; alignment=\u00a0\u00bbcenter\u00a0\u00bb css_animation=\u00a0\u00bbleft-t-right\u00a0\u00bb animation_speed=\u00a0\u00bb900&Prime; animation_delay=\u00a0\u00bb400&Prime;][vc_single_image media=\u00a0\u00bb52263&Prime; media_width_percent=\u00a0\u00bb100&Prime;][\/vc_column][vc_column column_width_percent=\u00a0\u00bb90&Prime; position_horizontal=\u00a0\u00bbleft\u00a0\u00bb gutter_size=\u00a0\u00bb3&Prime; override_padding=\u00a0\u00bbyes\u00a0\u00bb column_padding=\u00a0\u00bb2&Prime; overlay_alpha=\u00a0\u00bb30&Prime; shift_x=\u00a0\u00bb0&Prime; shift_y=\u00a0\u00bb0&Prime; z_index=\u00a0\u00bb0&Prime; medium_width=\u00a0\u00bb0&Prime; width=\u00a0\u00bb1\/3&Prime;][vc_empty_space empty_h=\u00a0\u00bb2&Prime;][vc_separator sep_color=\u00a0\u00bbcolor-wvjs\u00a0\u00bb][vc_column_text]<\/p>\n<ul>\n<li>\n<h5>Un son sans fil <strong>Haute-Fid\u00e9lit\u00e9<\/strong><\/h5>\n<\/li>\n<li>\n<h5>Une compatibilit\u00e9 totale avec tous nos casques intra-auriculaires<\/h5>\n<\/li>\n<li>\n<h5>Qualit\u00e9 audiophile en toute libert\u00e9<\/h5>\n<\/li>\n<li>\n<h5>La possibilit\u00e9 de recevoir des appels (IPhone &amp; Android)<\/h5>\n<\/li>\n<li>\n<h5>L\u00e9g\u00e8ret\u00e9, Discr\u00e9tion, gr\u00e2ce \u00e0 son format ultra <strong>compact<\/strong><\/h5>\n<\/li>\n<li>\n<h5>Une autonomie prolong\u00e9e<\/h5>\n<\/li>\n<\/ul>\n<p>[\/vc_column_text][vc_separator sep_color=\u00a0\u00bbcolor-wvjs\u00a0\u00bb][vc_column_text]<\/p>\n<h5><strong><u>Sp\u00e9cifications g\u00e9n\u00e9rales:<\/u><\/strong><\/h5>\n<ul>\n<li>\n<h5>Mod\u00e8le\u00a0: BIRDY HD<\/h5>\n<\/li>\n<li>\n<h5>Couleur\u00a0: Black<\/h5>\n<\/li>\n<li>\n<h5>Dimensions\u00a0: 3,5 cm (1,37\u00a0\u2033) [D] x 1,2 cm (0,47\u00a0\u2033) [H] \u00a0\/ \u00a0poids: 12g<\/h5>\n<\/li>\n<li>\n<h5>Version Bluetooth\u00a0:\u00a0Bluetooth Certified <strong>4.2<\/strong><\/h5>\n<\/li>\n<li>\n<h5>Include: <strong>APTX HD<\/strong> audio codec<\/h5>\n<\/li>\n<li>\n<h5>Profil Bluetooth :\u00a0HFP, A2DP, AVRCP, PBAP and SPP \/\u00a0IAP1\/IAP2 \u00a0iOS devices<\/h5>\n<\/li>\n<li>\n<h5>Collier ajustable: \u00a0Taille unique ajustable<\/h5>\n<\/li>\n<\/ul>\n<p>[\/vc_column_text][vc_separator sep_color=\u00a0\u00bbcolor-wvjs\u00a0\u00bb][vc_column_text]<\/p>\n<h5><strong><u>Conception:<\/u><\/strong><\/h5>\n<ul>\n<li>\n<h5>Puce Qualcomm compatible <strong>24 bits<\/strong> \/ 48 kHz<\/h5>\n<\/li>\n<li>\n<h5>DAC audiophile 16 bit qualit\u00e9 CD<\/h5>\n<\/li>\n<li>\n<h5>AMPLI audiophile:\u00a0<strong>130mW<\/strong> par Channel sous 32\u03a9 \/\u00a0Low\u00a0<strong style=\"font-size: 16px;\">0.009%<\/strong><span style=\"font-size: 16px;\"> THD+N<\/span><\/h5>\n<\/li>\n<\/ul>\n<ul>\n<li>\n<h5>Microphone int\u00e9gr\u00e9 (compatible Android\/iOS)<\/h5>\n<\/li>\n<li>\n<h5>Touche Contr\u00f4le du volume (+\/-) et de la lecture (play\/pause)<\/h5>\n<\/li>\n<li>\n<h5>Fonction mode EQ: Pr\u00e9sence+3D \/ <strong>3D<\/strong> \/ OFF<\/h5>\n<\/li>\n<\/ul>\n<p>[\/vc_column_text][vc_separator sep_color=\u00a0\u00bbcolor-prif\u00a0\u00bb][vc_column_text]<\/p>\n<h5><strong><u>Connectique:<\/u><\/strong><\/h5>\n<ul>\n<li>\n<h5>Port micro-USB (pour recharge)<\/h5>\n<\/li>\n<li>\n<h5>connecteurs 2 pins<\/h5>\n<\/li>\n<\/ul>\n<h5><strong><u>Alimentation:<\/u><\/strong><\/h5>\n<ul>\n<li>\n<h5>Type : batterie 3,8V<\/h5>\n<\/li>\n<li>\n<h5>Autonomie :\u00a012 \u00e0 16\u00a0heures (music streaming) \/ 3,5 jours en mode connectable.<\/h5>\n<\/li>\n<\/ul>\n<h5><strong><u>Accessoires fournis:<\/u><\/strong><\/h5>\n<ul>\n<li>\n<h5>C\u00e2ble d&rsquo;alimentation (USB vers micro-USB)<\/h5>\n<\/li>\n<li>\n<h5>Notice utilisation<\/h5>\n<\/li>\n<\/ul>\n<p>[\/vc_column_text][\/vc_column][\/vc_row][vc_row unlock_row_content=\u00a0\u00bbyes\u00a0\u00bb row_height_percent=\u00a0\u00bb40&Prime; back_color=\u00a0\u00bbcolor-prif\u00a0\u00bb overlay_alpha=\u00a0\u00bb50&Prime; gutter_size=\u00a0\u00bb3&Prime; column_width_percent=\u00a0\u00bb100&Prime; shift_y=\u00a0\u00bb0&Prime; z_index=\u00a0\u00bb0&Prime;][vc_column column_width_percent=\u00a0\u00bb100&Prime; position_vertical=\u00a0\u00bbmiddle\u00a0\u00bb align_horizontal=\u00a0\u00bbalign_center\u00a0\u00bb gutter_size=\u00a0\u00bb3&Prime; override_padding=\u00a0\u00bbyes\u00a0\u00bb column_padding=\u00a0\u00bb2&Prime; style=\u00a0\u00bbdark\u00a0\u00bb overlay_alpha=\u00a0\u00bb50&Prime; shift_x=\u00a0\u00bb0&Prime; shift_y=\u00a0\u00bb0&Prime; shift_y_down=\u00a0\u00bb0&Prime; z_index=\u00a0\u00bb0&Prime; medium_width=\u00a0\u00bb0&Prime; mobile_width=\u00a0\u00bb0&Prime; width=\u00a0\u00bb1\/1&Prime;][vc_column_text]<\/p>\n<h3>Le BIRDY est une cr\u00e9ation 100% EarSonics \u00ab\u00a0Made in France\u00a0\u00bb. Fabriqu\u00e9 dans nos laboratoires, il a \u00e9t\u00e9 d\u00e9velopp\u00e9 et programm\u00e9 par nos techniciens et ing\u00e9nieurs.<\/h3>\n<p>[\/vc_column_text][\/vc_column][\/vc_row]<\/p>\n<\/div>","protected":false},"excerpt":{"rendered":"<p>[vc_row row_height_percent=\u00a0\u00bb100&Prime; back_image=\u00a0\u00bb52359&Prime; parallax=\u00a0\u00bbyes\u00a0\u00bb kburns=\u00a0\u00bbyes\u00a0\u00bb overlay_alpha=\u00a0\u00bb50&Prime; gutter_size=\u00a0\u00bb3&Prime; column_width_percent=\u00a0\u00bb100&Prime; shift_y=\u00a0\u00bb0&Prime; z_index=\u00a0\u00bb0&Prime;][vc_column column_width_percent=\u00a0\u00bb100&Prime; position_vertical=\u00a0\u00bbmiddle\u00a0\u00bb gutter_size=\u00a0\u00bb3&Prime; override_padding=\u00a0\u00bbyes\u00a0\u00bb column_padding=\u00a0\u00bb0&Prime; expand_height=\u00a0\u00bbyes\u00a0\u00bb overlay_alpha=\u00a0\u00bb50&Prime; shift_x=\u00a0\u00bb0&Prime; shift_y=\u00a0\u00bb0&Prime; z_index=\u00a0\u00bb0&Prime; [&hellip;]<\/p>\n","protected":false},"author":1,"featured_media":0,"parent":0,"menu_order":0,"comment_status":"closed","ping_status":"closed","template":"","meta":{"footnotes":""},"class_list":["post-52254","page","type-page","status-publish","hentry"],"aioseo_notices":[],"_links":{"self":[{"href":"https:\/\/www.earsonics.com\/in-ear-monitors\/wp-json\/wp\/v2\/pages\/52254","targetHints":{"allow":["GET"]}}],"collection":[{"href":"https:\/\/www.earsonics.com\/in-ear-monitors\/wp-json\/wp\/v2\/pages"}],"about":[{"href":"https:\/\/www.earsonics.com\/in-ear-monitors\/wp-json\/wp\/v2\/types\/page"}],"author":[{"embeddable":true,"href":"https:\/\/www.earsonics.com\/in-ear-monitors\/wp-json\/wp\/v2\/users\/1"}],"replies":[{"embeddable":true,"href":"https:\/\/www.earsonics.com\/in-ear-monitors\/wp-json\/wp\/v2\/comments?post=52254"}],"version-history":[{"count":3,"href":"https:\/\/www.earsonics.com\/in-ear-monitors\/wp-json\/wp\/v2\/pages\/52254\/revisions"}],"predecessor-version":[{"id":54293,"href":"https:\/\/www.earsonics.com\/in-ear-monitors\/wp-json\/wp\/v2\/pages\/52254\/revisions\/54293"}],"wp:attachment":[{"href":"https:\/\/www.earsonics.com\/in-ear-monitors\/wp-json\/wp\/v2\/media?parent=52254"}],"curies":[{"name":"wp","href":"https:\/\/api.w.org\/{rel}","templated":true}]}}