{"id":1131,"date":"2019-10-01T17:48:35","date_gmt":"2019-10-01T16:48:35","guid":{"rendered":"http:\/\/www.earsonics.com\/protection-auditive\/?page_id=1131"},"modified":"2022-05-17T16:55:01","modified_gmt":"2022-05-17T15:55:01","slug":"moto","status":"publish","type":"page","link":"https:\/\/www.earsonics.com\/protection-auditive\/moto\/","title":{"rendered":"MOTO"},"content":{"rendered":"<div class=\"wpb-content-wrapper\"><p>[vc_row row_height_percent=\u00a0\u00bb80&Prime; back_image=\u00a0\u00bb1153&Prime; parallax=\u00a0\u00bbyes\u00a0\u00bb kburns=\u00a0\u00bbyes\u00a0\u00bb overlay_color=\u00a0\u00bbcolor-jevc\u00a0\u00bb overlay_alpha=\u00a0\u00bb24&Prime; gutter_size=\u00a0\u00bb3&Prime; column_width_percent=\u00a0\u00bb100&Prime; shift_y=\u00a0\u00bb0&Prime; z_index=\u00a0\u00bb0&Prime;][vc_column column_width_percent=\u00a0\u00bb100&Prime; position_vertical=\u00a0\u00bbmiddle\u00a0\u00bb gutter_size=\u00a0\u00bb3&Prime; overlay_alpha=\u00a0\u00bb50&Prime; shift_x=\u00a0\u00bb0&Prime; shift_y=\u00a0\u00bb0&Prime; shift_y_down=\u00a0\u00bb0&Prime; z_index=\u00a0\u00bb0&Prime; medium_width=\u00a0\u00bb0&Prime; mobile_width=\u00a0\u00bb0&Prime; width=\u00a0\u00bb1\/1&Prime;][vc_row_inner row_inner_height_percent=\u00a0\u00bb0&Prime; force_width_grid=\u00a0\u00bbyes\u00a0\u00bb overlay_alpha=\u00a0\u00bb50&Prime; gutter_size=\u00a0\u00bb3&Prime; shift_y=\u00a0\u00bb0&Prime; z_index=\u00a0\u00bb0&Prime; limit_content=\u00a0\u00bb\u00a0\u00bb][vc_column_inner column_width_percent=\u00a0\u00bb100&Prime; position_vertical=\u00a0\u00bbmiddle\u00a0\u00bb align_horizontal=\u00a0\u00bbalign_center\u00a0\u00bb gutter_size=\u00a0\u00bb3&Prime; override_padding=\u00a0\u00bbyes\u00a0\u00bb column_padding=\u00a0\u00bb2&Prime; expand_height=\u00a0\u00bbyes\u00a0\u00bb style=\u00a0\u00bbdark\u00a0\u00bb overlay_alpha=\u00a0\u00bb50&Prime; shift_x=\u00a0\u00bb0&Prime; shift_y=\u00a0\u00bb0&Prime; shift_y_down=\u00a0\u00bb0&Prime; z_index=\u00a0\u00bb0&Prime; medium_width=\u00a0\u00bb0&Prime; mobile_width=\u00a0\u00bb0&Prime; width=\u00a0\u00bb1\/2&Prime;][vc_empty_space empty_h=\u00a0\u00bb2&Prime;][vc_custom_heading heading_semantic=\u00a0\u00bbh1&Prime; text_size=\u00a0\u00bbh1&Prime; text_weight=\u00a0\u00bb300&Prime;]EARPAD\u00ae[\/vc_custom_heading][vc_column_text uncode_shortcode_id=\u00a0\u00bb890292&Prime; text_color_type=\u00a0\u00bbuncode-palette\u00a0\u00bb text_color_solid=\u00a0\u00bb#ff0000&Prime; border_color_type=\u00a0\u00bbuncode-palette\u00a0\u00bb border_color_solid=\u00a0\u00bb#ff0000&Prime;]La protection auditive d\u00e9velopp\u00e9e pour la moto et les loisirs bruyants[\/vc_column_text][vc_separator sep_color=\u00a0\u00bb,Default\u00a0\u00bb el_width=\u00a0\u00bb350&Prime;][vc_button button_color=\u00a0\u00bbcolor-121900&Prime; border_width=\u00a0\u00bb0&Prime; link=\u00a0\u00bburl:%23produits|||\u00a0\u00bb]D\u00e9couvrir notre solution[\/vc_button][\/vc_column_inner][vc_column_inner width=\u00a0\u00bb1\/2&Prime;][\/vc_column_inner][\/vc_row_inner][\/vc_column][\/vc_row][vc_row row_height_percent=\u00a0\u00bb0&Prime; back_color=\u00a0\u00bbcolor-wvjs\u00a0\u00bb overlay_alpha=\u00a0\u00bb50&Prime; gutter_size=\u00a0\u00bb3&Prime; column_width_percent=\u00a0\u00bb100&Prime; shift_y=\u00a0\u00bb0&Prime; z_index=\u00a0\u00bb0&Prime;][vc_column column_width_percent=\u00a0\u00bb100&Prime; position_vertical=\u00a0\u00bbmiddle\u00a0\u00bb align_horizontal=\u00a0\u00bbalign_center\u00a0\u00bb gutter_size=\u00a0\u00bb3&Prime; style=\u00a0\u00bbdark\u00a0\u00bb overlay_alpha=\u00a0\u00bb50&Prime; shift_x=\u00a0\u00bb0&Prime; shift_y=\u00a0\u00bb0&Prime; shift_y_down=\u00a0\u00bb0&Prime; z_index=\u00a0\u00bb0&Prime; medium_width=\u00a0\u00bb0&Prime; mobile_width=\u00a0\u00bb0&Prime; width=\u00a0\u00bb1\/1&Prime;][vc_column_text]<\/p>\n<h3>EarSonics au service des <span style=\"color: #ff0000;\">MOTARDS<\/span>. Pour une protection auditive innovante aux qualit\u00e9s de restitution et confort optimales.<\/h3>\n<p>[\/vc_column_text][\/vc_column][\/vc_row][vc_row][vc_column column_width_percent=\u00a0\u00bb100&Prime; position_vertical=\u00a0\u00bbmiddle\u00a0\u00bb align_horizontal=\u00a0\u00bbalign_center\u00a0\u00bb gutter_size=\u00a0\u00bb3&Prime; overlay_alpha=\u00a0\u00bb50&Prime; shift_x=\u00a0\u00bb0&Prime; shift_y=\u00a0\u00bb0&Prime; shift_y_down=\u00a0\u00bb0&Prime; z_index=\u00a0\u00bb0&Prime; medium_width=\u00a0\u00bb0&Prime; mobile_width=\u00a0\u00bb0&Prime; width=\u00a0\u00bb1\/1&Prime;][vc_column_text uncode_shortcode_id=\u00a0\u00bb203911&Prime; text_color_type=\u00a0\u00bbuncode-palette\u00a0\u00bb text_color_solid=\u00a0\u00bb#ff0000&Prime; border_color_type=\u00a0\u00bbuncode-palette\u00a0\u00bb border_color_solid=\u00a0\u00bb#ff0000&Prime;]<\/p>\n<h3 id=\"produits\"><strong>LE SAVIEZ VOUS?<\/strong><\/h3>\n<p>82 dB \u00e0 90 km\/h, 104 dB \u00e0 160 km\/h*, les niveaux sonores per\u00e7us sous le casque sont consid\u00e9rables !<br \/>\nTroubles de l\u2019attention,\u00a0perte de vigilence et\u00a0danger pour l\u2019audition\u00a0sont au rendez-vous, mais que faire, car ne plus entendre du tout n\u2019est pas une solution et peut m\u00eame s\u2019av\u00e9rer dangereux !*sources : moto magazine Juin 2009[\/vc_column_text][\/vc_column][\/vc_row][vc_row][vc_column column_width_percent=\u00a0\u00bb100&Prime; align_horizontal=\u00a0\u00bbalign_center\u00a0\u00bb gutter_size=\u00a0\u00bb3&Prime; overlay_alpha=\u00a0\u00bb50&Prime; shift_x=\u00a0\u00bb0&Prime; shift_y=\u00a0\u00bb0&Prime; shift_y_down=\u00a0\u00bb0&Prime; z_index=\u00a0\u00bb0&Prime; medium_width=\u00a0\u00bb0&Prime; mobile_width=\u00a0\u00bb0&Prime; width=\u00a0\u00bb1\/1&Prime;][vc_separator sep_color=\u00a0\u00bb,Default\u00a0\u00bb][vc_custom_heading]LA SOLUTION EARPAD UNIVERSEL[\/vc_custom_heading][\/vc_column][\/vc_row][vc_row][vc_column column_width_percent=\u00a0\u00bb100&Prime; align_horizontal=\u00a0\u00bbalign_center\u00a0\u00bb gutter_size=\u00a0\u00bb3&Prime; overlay_alpha=\u00a0\u00bb50&Prime; shift_x=\u00a0\u00bb0&Prime; shift_y=\u00a0\u00bb0&Prime; shift_y_down=\u00a0\u00bb0&Prime; z_index=\u00a0\u00bb0&Prime; medium_width=\u00a0\u00bb0&Prime; mobile_width=\u00a0\u00bb0&Prime; width=\u00a0\u00bb1\/1&Prime;][vc_row_inner row_inner_height_percent=\u00a0\u00bb0&Prime; overlay_alpha=\u00a0\u00bb50&Prime; equal_height=\u00a0\u00bbyes\u00a0\u00bb gutter_size=\u00a0\u00bb3&Prime; shift_y=\u00a0\u00bb0&Prime; z_index=\u00a0\u00bb0&Prime; limit_content=\u00a0\u00bb\u00a0\u00bb][vc_column_inner column_width_percent=\u00a0\u00bb100&Prime; position_vertical=\u00a0\u00bbmiddle\u00a0\u00bb align_horizontal=\u00a0\u00bbalign_center\u00a0\u00bb gutter_size=\u00a0\u00bb3&Prime; overlay_alpha=\u00a0\u00bb50&Prime; shift_x=\u00a0\u00bb0&Prime; shift_y=\u00a0\u00bb0&Prime; shift_y_down=\u00a0\u00bb0&Prime; z_index=\u00a0\u00bb0&Prime; medium_width=\u00a0\u00bb0&Prime; mobile_width=\u00a0\u00bb0&Prime; width=\u00a0\u00bb1\/2&Prime;][vc_single_image media=\u00a0\u00bb120&Prime; media_width_percent=\u00a0\u00bb100&Prime; alignment=\u00a0\u00bbcenter\u00a0\u00bb css_animation=\u00a0\u00bbtop-t-bottom\u00a0\u00bb animation_speed=\u00a0\u00bb500&Prime;][\/vc_column_inner][vc_column_inner width=\u00a0\u00bb1\/2&Prime;][vc_separator sep_color=\u00a0\u00bb,Default\u00a0\u00bb css_animation=\u00a0\u00bbalpha-anim\u00a0\u00bb el_height=\u00a0\u00bb5px\u00a0\u00bb][vc_column_text uncode_shortcode_id=\u00a0\u00bb425838&Prime; text_color_type=\u00a0\u00bbuncode-palette\u00a0\u00bb text_color_solid=\u00a0\u00bb#ff0000&Prime; border_color_type=\u00a0\u00bbuncode-palette\u00a0\u00bb border_color_solid=\u00a0\u00bb#ff0000&Prime;]Protecteurs auditifs EARPAD\u00ae Universel standards et r\u00e9utilisables,<\/p>\n<p><strong>EARSONICS<\/strong> se veut pr\u00e9curseur dans le domaine de la protection acoustique pour les motards et les pratiquants de loisirs motoris\u00e9s.<\/p>\n<p>Tous les pratiquants de moto en comp\u00e9tition et loisirs ayant test\u00e9 l\u2019EARPAD UNIVERSEL sont ravis de leur choix, ils les portent d\u00e9s qu\u2019ils doivent parcourir des moyennes et longues distances, la discr\u00e9tion et la simplicit\u00e9 d\u2019entretien sont des arguments suppl\u00e9mentaires, ils reconnaissent une r\u00e9elle satisfaction \u00e0 l\u2019utilisation et se sentent beaucoup moins fatigu\u00e9s apr\u00e8s avoir encha\u00een\u00e9 les kilom\u00e8tres.<\/p>\n<p>Muni d\u2019un tips en silicone tr\u00e8s souple et anallergique, il s\u2019adapte parfaitement dans tous les conduits auditifs et le confort d\u2019utilisation reste stup\u00e9fiant.<\/p>\n<p>Particuli\u00e8rement petit, il peut \u00eatre port\u00e9 en toutes circonstances\u2026. et en toute discr\u00e9tion et il est particuli\u00e8rement appr\u00e9ci\u00e9 par les motards car son utilisation sous le casque reste tr\u00e8s confortable malgr\u00e9 la pression.<\/p>\n<p>EARPAD\u00ae Universel r\u00e9pond \u00e0 la norme NF EN 352-2<\/p>\n<p><strong>Att\u00e9nuation moyenne de 15dB<\/strong>[\/vc_column_text][vc_button button_color=\u00a0\u00bbcolor-121900&Prime; size=\u00a0\u00bbbtn-lg\u00a0\u00bb radius=\u00a0\u00bbbtn-round\u00a0\u00bb border_width=\u00a0\u00bb0&Prime; link=\u00a0\u00bburl:https%3A%2F%2Fwww.earsonics.com%2Fstore%2Fproduit%2Fearpad-universel%2F||target:%20_blank|\u00a0\u00bb]ACHETER MAINTENANT[\/vc_button][\/vc_column_inner][\/vc_row_inner][vc_separator sep_color=\u00a0\u00bb,Default\u00a0\u00bb][\/vc_column][\/vc_row][vc_row unlock_row_content=\u00a0\u00bbyes\u00a0\u00bb row_height_percent=\u00a0\u00bb40&Prime; back_image=\u00a0\u00bb1141&Prime; back_position=\u00a0\u00bbcenter center\u00a0\u00bb parallax=\u00a0\u00bbyes\u00a0\u00bb overlay_color=\u00a0\u00bbcolor-jevc\u00a0\u00bb overlay_alpha=\u00a0\u00bb57&Prime; gutter_size=\u00a0\u00bb3&Prime; column_width_percent=\u00a0\u00bb100&Prime; shift_y=\u00a0\u00bb0&Prime; z_index=\u00a0\u00bb0&Prime;][vc_column column_width_percent=\u00a0\u00bb100&Prime; position_vertical=\u00a0\u00bbmiddle\u00a0\u00bb align_horizontal=\u00a0\u00bbalign_center\u00a0\u00bb gutter_size=\u00a0\u00bb3&Prime; style=\u00a0\u00bbdark\u00a0\u00bb overlay_alpha=\u00a0\u00bb50&Prime; shift_x=\u00a0\u00bb0&Prime; shift_y=\u00a0\u00bb0&Prime; shift_y_down=\u00a0\u00bb0&Prime; z_index=\u00a0\u00bb0&Prime; medium_width=\u00a0\u00bb0&Prime; mobile_width=\u00a0\u00bb0&Prime; width=\u00a0\u00bb1\/1&Prime;][vc_column_text]<\/p>\n<h2 id=\"produits\">PROTEGER MAIS PAS SEULEMENT\u2026<\/h2>\n<p>Ce qui nous int\u00e9resse, c\u2019est ce que vous ENTENDEZ !<br \/>\nUne qualit\u00e9 d\u2019\u00e9coute optimale, une protection adapt\u00e9e sans la sensation d\u2019isolement\u2026<br \/>\nGr\u00e2ce \u00e0 son proc\u00e9d\u00e9 brevet\u00e9 d\u00e9velopp\u00e9 pour les utilisateurs les plus exigeants, L\u2019earpad vous procure une sensation naturelle qui vous fait oublier que vous portez des protections auditives.<br \/>\nL\u2019utilisateur n\u2019a alors plus envie de retirer ses protections pour communiquer, il entend parfaitement \u00e0 travers ses protecteurs tout en \u00e9tant prot\u00e9g\u00e9\u2026[\/vc_column_text][\/vc_column][\/vc_row][vc_row][vc_column width=\u00a0\u00bb1\/1&Prime;][vc_column_text]<strong>MAIS AUSSI\u2026<\/strong><br \/>\nEn scooter aussi, le niveau sonore de la circulation atteint des niveaux \u00e9lev\u00e9s.<br \/>\nPourtant, c\u2019est pr\u00e9cis\u00e9ment lorsqu\u2019on circule en ville qu\u2019il est primordial de percevoir l\u2019environnement sonore sans d\u00e9formation pour ne pas retarder la vitesse d\u2019assimilation des messages et r\u00e9agir rapidement.[\/vc_column_text][\/vc_column][\/vc_row][vc_row][vc_column width=\u00a0\u00bb1\/1&Prime;][vc_separator sep_color=\u00a0\u00bb,Default\u00a0\u00bb][vc_column_text]<\/p>\n<h3>TECHNOLOGIE LOUDNESS POUR LA RESTITUTION LA PLUS FIDELE<\/h3>\n<p><em>\u2013 Permet une\u00a0attention soutenue\u00a0prolong\u00e9e<\/em><br \/>\n<em>\u2013 Evite la fatigue, m\u00eame apr\u00e8s de longues distances<\/em><br \/>\n<em>\u2013 Transmet\u00a0les\u00a0avertissements sonores sans d\u00e9formation<\/em><br \/>\n<em>\u2013 Prot\u00e8ge l\u2019audition\u00a0sans isoler de l\u2019environnement<\/em><br \/>\n<em>\u2013 Ne d\u00e9nature pas le bruit de l\u2019\u00e9chappement<\/em><br \/>\n<em>\u2013 Forme adapt\u00e9e au port du casque pour une utilisation\u00a0confortable<\/em>[\/vc_column_text][\/vc_column][\/vc_row][vc_row unlock_row_content=\u00a0\u00bbyes\u00a0\u00bb row_height_percent=\u00a0\u00bb40&Prime; back_image=\u00a0\u00bb1135&Prime; back_position=\u00a0\u00bbcenter center\u00a0\u00bb parallax=\u00a0\u00bbyes\u00a0\u00bb overlay_color=\u00a0\u00bbcolor-jevc\u00a0\u00bb overlay_alpha=\u00a0\u00bb26&Prime; gutter_size=\u00a0\u00bb3&Prime; column_width_percent=\u00a0\u00bb100&Prime; shift_y=\u00a0\u00bb0&Prime; z_index=\u00a0\u00bb0&Prime;][vc_column column_width_percent=\u00a0\u00bb100&Prime; position_vertical=\u00a0\u00bbmiddle\u00a0\u00bb align_horizontal=\u00a0\u00bbalign_center\u00a0\u00bb gutter_size=\u00a0\u00bb3&Prime; style=\u00a0\u00bbdark\u00a0\u00bb overlay_alpha=\u00a0\u00bb50&Prime; shift_x=\u00a0\u00bb0&Prime; shift_y=\u00a0\u00bb0&Prime; shift_y_down=\u00a0\u00bb0&Prime; z_index=\u00a0\u00bb0&Prime; medium_width=\u00a0\u00bb0&Prime; mobile_width=\u00a0\u00bb0&Prime; width=\u00a0\u00bb1\/4&Prime;][vc_single_image media=\u00a0\u00bb1159&Prime; media_width_percent=\u00a0\u00bb35&Prime; alignment=\u00a0\u00bbright\u00a0\u00bb shape=\u00a0\u00bbimg-round\u00a0\u00bb radius=\u00a0\u00bblg\u00a0\u00bb css_animation=\u00a0\u00bbalpha-anim\u00a0\u00bb][\/vc_column][vc_column column_width_percent=\u00a0\u00bb100&Prime; position_vertical=\u00a0\u00bbmiddle\u00a0\u00bb gutter_size=\u00a0\u00bb3&Prime; style=\u00a0\u00bbdark\u00a0\u00bb overlay_alpha=\u00a0\u00bb50&Prime; shift_x=\u00a0\u00bb0&Prime; shift_y=\u00a0\u00bb0&Prime; shift_y_down=\u00a0\u00bb0&Prime; z_index=\u00a0\u00bb0&Prime; medium_width=\u00a0\u00bb0&Prime; mobile_width=\u00a0\u00bb0&Prime; width=\u00a0\u00bb3\/4&Prime;][vc_column_text]<\/p>\n<h3>TEMOIGNAGE<\/h3>\n<p><strong>RIP ANTHONY DELHALLE:<\/strong>\u00a0Triple Vainqueur de la coupe du Monde d\u2019Endurance (2008 \u2013 2009 \u2013 2010), 2\u00e8me aux Championnats du Monde d\u2019endurance 2012, 1er aux Championnats de France Superbike 2012 (Le Mans)<\/p>\n<p>Anthony Delhalle avait choisi l&rsquo;Earpad pour mettre toutes les chances de son c\u00f4t\u00e9 en Championnat ![\/vc_column_text][\/vc_column][\/vc_row]<\/p>\n<\/div>","protected":false},"excerpt":{"rendered":"<p>[vc_row row_height_percent=\u00a0\u00bb80&Prime; back_image=\u00a0\u00bb1153&Prime; parallax=\u00a0\u00bbyes\u00a0\u00bb kburns=\u00a0\u00bbyes\u00a0\u00bb overlay_color=\u00a0\u00bbcolor-jevc\u00a0\u00bb overlay_alpha=\u00a0\u00bb24&Prime; gutter_size=\u00a0\u00bb3&Prime; column_width_percent=\u00a0\u00bb100&Prime; shift_y=\u00a0\u00bb0&Prime; z_index=\u00a0\u00bb0&Prime;][vc_column column_width_percent=\u00a0\u00bb100&Prime; position_vertical=\u00a0\u00bbmiddle\u00a0\u00bb gutter_size=\u00a0\u00bb3&Prime; overlay_alpha=\u00a0\u00bb50&Prime; shift_x=\u00a0\u00bb0&Prime; shift_y=\u00a0\u00bb0&Prime; shift_y_down=\u00a0\u00bb0&Prime; z_index=\u00a0\u00bb0&Prime; medium_width=\u00a0\u00bb0&Prime; [&hellip;]<\/p>\n","protected":false},"author":1,"featured_media":0,"parent":0,"menu_order":0,"comment_status":"closed","ping_status":"closed","template":"","meta":{"footnotes":""},"class_list":["post-1131","page","type-page","status-publish","hentry"],"aioseo_notices":[],"_links":{"self":[{"href":"https:\/\/www.earsonics.com\/protection-auditive\/wp-json\/wp\/v2\/pages\/1131","targetHints":{"allow":["GET"]}}],"collection":[{"href":"https:\/\/www.earsonics.com\/protection-auditive\/wp-json\/wp\/v2\/pages"}],"about":[{"href":"https:\/\/www.earsonics.com\/protection-auditive\/wp-json\/wp\/v2\/types\/page"}],"author":[{"embeddable":true,"href":"https:\/\/www.earsonics.com\/protection-auditive\/wp-json\/wp\/v2\/users\/1"}],"replies":[{"embeddable":true,"href":"https:\/\/www.earsonics.com\/protection-auditive\/wp-json\/wp\/v2\/comments?post=1131"}],"version-history":[{"count":6,"href":"https:\/\/www.earsonics.com\/protection-auditive\/wp-json\/wp\/v2\/pages\/1131\/revisions"}],"predecessor-version":[{"id":1839,"href":"https:\/\/www.earsonics.com\/protection-auditive\/wp-json\/wp\/v2\/pages\/1131\/revisions\/1839"}],"wp:attachment":[{"href":"https:\/\/www.earsonics.com\/protection-auditive\/wp-json\/wp\/v2\/media?parent=1131"}],"curies":[{"name":"wp","href":"https:\/\/api.w.org\/{rel}","templated":true}]}}