{"id":32,"date":"2013-11-12T14:19:24","date_gmt":"2013-11-12T13:19:24","guid":{"rendered":"http:\/\/www.earsonics.com\/earpad\/?page_id=32"},"modified":"2022-05-24T17:10:34","modified_gmt":"2022-05-24T16:10:34","slug":"le-bruit","status":"publish","type":"page","link":"https:\/\/www.earsonics.com\/protection-auditive\/le-bruit\/","title":{"rendered":"LE BRUIT"},"content":{"rendered":"<div class=\"wpb-content-wrapper\"><p>[vc_row][vc_column column_width_percent=\u00a0\u00bb100&Prime; gutter_size=\u00a0\u00bb3&Prime; back_color=\u00a0\u00bbcolor-xsdn\u00a0\u00bb overlay_alpha=\u00a0\u00bb50&Prime; shift_x=\u00a0\u00bb0&Prime; shift_y=\u00a0\u00bb0&Prime; shift_y_down=\u00a0\u00bb0&Prime; z_index=\u00a0\u00bb0&Prime; medium_width=\u00a0\u00bb0&Prime; mobile_width=\u00a0\u00bb0&Prime; radius=\u00a0\u00bbxl\u00a0\u00bb uncode_shortcode_id=\u00a0\u00bb179802&Prime; back_color_type=\u00a0\u00bbuncode-palette\u00a0\u00bb][vc_column_text uncode_shortcode_id=\u00a0\u00bb469845&Prime;]<\/p>\n<h2>LE BRUIT<\/h2>\n<p>&nbsp;<\/p>\n<p>Si l&rsquo;on consid\u00e8re l&rsquo;aspect purement physique, il n\u2019y a aucune diff\u00e9rence entre un son et un bruit. Ils sont tous deux le r\u00e9sultat de vibrations de l&rsquo;air qui se propagent sous la forme d&rsquo;une onde.<br \/>\nLa distinction entre son et bruit est donc purement subjective et la d\u00e9finition du dictionnaire tout \u00e0 fait \u00e0 propos : \u00ab\u00a0on d\u00e9signe par bruit, toute sensation auditive d\u00e9sagr\u00e9able\u00a0\u00bb.<\/p>\n<p><strong>Intensit\u00e9, fr\u00e9quences&#8230;<\/strong><\/p>\n<p>Un son est compos\u00e9 de 2 informations :<\/p>\n<p>&#8211; sa\u00a0<strong>fr\u00e9quence<\/strong>, mesur\u00e9e en hertz (Hz), qui indique s\u2019il est aigu ou grave,<br \/>\nLes fr\u00e9quences audibles pour notre audition sont situ\u00e9es entre 20 et 20000 Hz pour un nouveau n\u00e9, cette plage diminuant peu \u00e0 peu en fonction de l&rsquo;age, et principalement vers les fr\u00e9quences aig\u00ebs<\/p>\n<p>&#8211; son\u00a0<strong>intensit\u00e9<\/strong>, mesur\u00e9e en d\u00e9cibel (dB), qui montre, en quelque sorte, son \u201cvolume\u201d.<\/p>\n<p><strong>Bruit &amp; Danger<\/strong><\/p>\n<p>Un bruit est estim\u00e9 comme dangereux pour l&rsquo;oreille :<\/p>\n<p>&#8211; s&rsquo;il est\u00a0<strong>intense<\/strong>\u00a0:<br \/>\nl&rsquo;intensit\u00e9 du bruit se mesure en d\u00e9cibels (dB). C&rsquo;est \u00e0 partir de 85 dB que les atteintes d\u00e9finitives de l&rsquo;audition peuvent se produire. Plus le niveau est \u00e9lev\u00e9, plus le risque est grand.<\/p>\n<p>&#8211; s&rsquo;il\u00a0<strong>dure longtemps<\/strong>\u00a0:<br \/>\nplus la dur\u00e9e d&rsquo;exposition au bruit est importante, plus le danger est grand.<\/p>\n<p>&#8211; s&rsquo;il est\u00a0<strong>aigu<\/strong>\u00a0:<br \/>\nles fr\u00e9quences sont mesur\u00e9es en hertz (Hz), des plus graves (100-200 Hz) aux plus aigu\u00ebs (4000-8000 Hz).<\/p>\n<p>&#8211; s&rsquo;il est\u00a0<strong>intermittent<\/strong>\u00a0:<br \/>\nun bruit impulsionnel (par \u00e0 coups) est plus dangereux qu&rsquo;un bruit continu.<\/p>\n<p><strong>Les cons\u00e9quences du bruit<\/strong><\/p>\n<p>Le bruit a de nombreuses r\u00e9percussions sur la sant\u00e9 :<br \/>\n&#8211; les troubles auditifs, les plus connus comme la surdit\u00e9, mais aussi les acouph\u00e8nes et l\u2019hyperacousie.- &#8211; les troubles non auditifs, plus souvent m\u00e9connus et dont l\u2019origine n\u2019est pas toujours identifi\u00e9e : hypertension art\u00e9rielle, troubles du rythme cardiaque, maux de t\u00eate, fatigue anormale, digestion difficile, naus\u00e9es, vomissements, ulc\u00e8res, troubles de la vue, etc\u2026<\/p>\n<p align=\"left\">M\u00eame si ces sympt\u00f4mes sont rarement associ\u00e9s \u00e0 un environnement bruyant, leur diminution progressive jusqu\u2019\u00e0 une absence totale, est imm\u00e9diate lors de l\u2019utilisation de protecteurs auditifs.<\/p>\n<p><strong>Dose de bruit<\/strong><\/p>\n<p>ATTENTION ! la nocivit\u00e9 de l\u2019environnement sonore n\u2019est pas calcul\u00e9e uniquement en fonction du NIVEAU SONORE, mais aussi de la DUREE de l\u2019exposition.<br \/>\nOn parle ainsi de \u00abdose de bruit\u00bb, c\u2019est \u00e0 dire l\u2019\u00e9nergie acoustique per\u00e7ue par notre syst\u00e8me auditif pendant un temps d\u2019exposition donn\u00e9. Ce temps est r\u00e9duit de moiti\u00e9 chaque fois que la dose de bruit augmente de 3 dB.<br \/>\nUn exemple afin de mieux comprendre :<\/p>\n<div align=\"center\">8 heures \u00e0 80 dB (A) = 15 minutes \u00e0 95 dB (A) = 1 seconde \u00e0 107 dB (A) !!<\/div>\n<p>[\/vc_column_text][\/vc_column][\/vc_row]<\/p>\n<\/div>","protected":false},"excerpt":{"rendered":"<p>[vc_row][vc_column column_width_percent=\u00a0\u00bb100&Prime; gutter_size=\u00a0\u00bb3&Prime; back_color=\u00a0\u00bbcolor-xsdn\u00a0\u00bb overlay_alpha=\u00a0\u00bb50&Prime; shift_x=\u00a0\u00bb0&Prime; shift_y=\u00a0\u00bb0&Prime; shift_y_down=\u00a0\u00bb0&Prime; z_index=\u00a0\u00bb0&Prime; medium_width=\u00a0\u00bb0&Prime; mobile_width=\u00a0\u00bb0&Prime; radius=\u00a0\u00bbxl\u00a0\u00bb uncode_shortcode_id=\u00a0\u00bb179802&Prime; back_color_type=\u00a0\u00bbuncode-palette\u00a0\u00bb][vc_column_text uncode_shortcode_id=\u00a0\u00bb469845&Prime;] LE BRUIT &nbsp; Si l&rsquo;on [&hellip;]<\/p>\n","protected":false},"author":1,"featured_media":0,"parent":0,"menu_order":0,"comment_status":"closed","ping_status":"closed","template":"","meta":{"footnotes":""},"class_list":["post-32","page","type-page","status-publish","hentry"],"aioseo_notices":[],"_links":{"self":[{"href":"https:\/\/www.earsonics.com\/protection-auditive\/wp-json\/wp\/v2\/pages\/32","targetHints":{"allow":["GET"]}}],"collection":[{"href":"https:\/\/www.earsonics.com\/protection-auditive\/wp-json\/wp\/v2\/pages"}],"about":[{"href":"https:\/\/www.earsonics.com\/protection-auditive\/wp-json\/wp\/v2\/types\/page"}],"author":[{"embeddable":true,"href":"https:\/\/www.earsonics.com\/protection-auditive\/wp-json\/wp\/v2\/users\/1"}],"replies":[{"embeddable":true,"href":"https:\/\/www.earsonics.com\/protection-auditive\/wp-json\/wp\/v2\/comments?post=32"}],"version-history":[{"count":5,"href":"https:\/\/www.earsonics.com\/protection-auditive\/wp-json\/wp\/v2\/pages\/32\/revisions"}],"predecessor-version":[{"id":1870,"href":"https:\/\/www.earsonics.com\/protection-auditive\/wp-json\/wp\/v2\/pages\/32\/revisions\/1870"}],"wp:attachment":[{"href":"https:\/\/www.earsonics.com\/protection-auditive\/wp-json\/wp\/v2\/media?parent=32"}],"curies":[{"name":"wp","href":"https:\/\/api.w.org\/{rel}","templated":true}]}}