{"id":34,"date":"2013-11-12T14:25:20","date_gmt":"2013-11-12T13:25:20","guid":{"rendered":"http:\/\/www.earsonics.com\/earpad\/?page_id=34"},"modified":"2022-05-24T17:06:50","modified_gmt":"2022-05-24T16:06:50","slug":"laudition","status":"publish","type":"page","link":"https:\/\/www.earsonics.com\/protection-auditive\/laudition\/","title":{"rendered":"L&rsquo;AUDITION"},"content":{"rendered":"<div class=\"wpb-content-wrapper\"><p>[vc_row][vc_column column_width_percent=\u00a0\u00bb100&Prime; gutter_size=\u00a0\u00bb3&Prime; back_color=\u00a0\u00bbcolor-xsdn\u00a0\u00bb overlay_alpha=\u00a0\u00bb50&Prime; shift_x=\u00a0\u00bb0&Prime; shift_y=\u00a0\u00bb0&Prime; shift_y_down=\u00a0\u00bb0&Prime; z_index=\u00a0\u00bb0&Prime; medium_width=\u00a0\u00bb0&Prime; mobile_width=\u00a0\u00bb0&Prime; radius=\u00a0\u00bbxl\u00a0\u00bb uncode_shortcode_id=\u00a0\u00bb144711&Prime; back_color_type=\u00a0\u00bbuncode-palette\u00a0\u00bb][vc_column_text uncode_shortcode_id=\u00a0\u00bb132563&Prime;]<strong>Un organe fragile<\/strong><\/p>\n<p>Les cellules sensorielles de l&rsquo;oreille sont peu nombreuses : 15 000 environ, alors que la vue ou l&rsquo;odorat en comptent respectivement plusieurs millions.<\/p>\n<div align=\"left\">Elles ne se renouvellent pas et de plus, disparaissent naturellement avec le temps : c&rsquo;est la presbyacousie.<\/div>\n<div align=\"left\">Des expositions au bruit prolong\u00e9es ou \u00e0 des niveaux trop \u00e9lev\u00e9es contribuent \u00e9galement \u00e0 la destruction des cellules et \u00e0 l&rsquo;apparition de troubles auditifs.<\/div>\n<p><strong>Quelques notions d&rsquo;anatomie<\/strong><\/p>\n<p>L&rsquo;oreille est un organe complexe compos\u00e9 de 3 parties, l&rsquo;oreille externe, l&rsquo;oreille moyenne et l&rsquo;oreille interne dont les fonctions peuvent \u00eatre ramen\u00e9es au 3 actions suivantes :<\/p>\n<div align=\"left\">&#8211; CAPTER,\u00a0oreille externe<br \/>\nL\u2019onde sonore arrive dans le pavillon de l\u2019oreille jusqu\u2019au tympan.<\/div>\n<p>&nbsp;<\/p>\n<div align=\"left\">&#8211; TRANSMETTRE,\u00a0oreille moyenne<br \/>\nLe tympan met en mouvement le marteau, l\u2019enclume, l\u2019\u00e9trier (les osselets) ; les muscles se contractent et amplifient ou limitent la transmission.<\/div>\n<p>&nbsp;<\/p>\n<div align=\"left\">&#8211; CODER,\u00a0oreille interne<br \/>\nLa vibration est transform\u00e9e en impulsion \u00e9lectrique qui transmet les informations au cerveau.<\/div>\n<p><strong>Un fonctionnement astucieux<\/strong><\/p>\n<p>L&rsquo;oreille moyenne comporte, en quelques sortes, un protecteur auditif incorpor\u00e9 appel\u00e9: \u00ab\u00a0reflexe stap\u00e9dien\u00a0\u00bb.<br \/>\nIl s&rsquo;agit en r\u00e9alit\u00e9 d&rsquo;un muscle dont le r\u00f4le est d&#8217;emp\u00eacher une trop forte vibration des osselets, \u00e0,l&rsquo;instar d&rsquo;une sourdine de piano.<\/p>\n<div align=\"left\">Cependant ce r\u00e9flexe n&rsquo;est efficace que peu de temps et sur une plage de seulement 10db. Ainsi,<\/div>\n<p>&nbsp;<\/p>\n<div align=\"left\">-\u00e0 121 dB, il l\u00e2che prise apr\u00e8s 7 secondes.<br \/>\n-\u00e0 109 dB, il r\u00e9siste environ 1 minute 52 secondes.<br \/>\n-\u00e0 100 dB, il r\u00e9siste environ 15 minutes en moyenne.<br \/>\n-\u00e0 90 dB, il r\u00e9siste environ 2 heures en moyenne.<\/div>\n<p>Au del\u00e0 de ces temps, l&rsquo;oreille interne est l\u00e9s\u00e9e&#8230;<\/p>\n<p align=\"left\"><em><strong>&#8230;\u00a0<\/strong><\/em>d&rsquo;o\u00f9 l&rsquo;importance d&rsquo;utiliser un protecteur auditif adapt\u00e9 qui permet de ne jamais fatiguer son audition (\u00ab\u00a0son muscle sourdine\u00a0\u00bb), et de rester en dessous des seuils de surexposition&#8230;<\/p>\n<p>[\/vc_column_text][\/vc_column][\/vc_row]<\/p>\n<\/div>","protected":false},"excerpt":{"rendered":"<p>[vc_row][vc_column column_width_percent=\u00a0\u00bb100&Prime; gutter_size=\u00a0\u00bb3&Prime; back_color=\u00a0\u00bbcolor-xsdn\u00a0\u00bb overlay_alpha=\u00a0\u00bb50&Prime; shift_x=\u00a0\u00bb0&Prime; shift_y=\u00a0\u00bb0&Prime; shift_y_down=\u00a0\u00bb0&Prime; z_index=\u00a0\u00bb0&Prime; medium_width=\u00a0\u00bb0&Prime; mobile_width=\u00a0\u00bb0&Prime; radius=\u00a0\u00bbxl\u00a0\u00bb uncode_shortcode_id=\u00a0\u00bb144711&Prime; back_color_type=\u00a0\u00bbuncode-palette\u00a0\u00bb][vc_column_text uncode_shortcode_id=\u00a0\u00bb132563&Prime;]Un organe fragile Les cellules sensorielles [&hellip;]<\/p>\n","protected":false},"author":1,"featured_media":0,"parent":0,"menu_order":0,"comment_status":"closed","ping_status":"closed","template":"","meta":{"footnotes":""},"class_list":["post-34","page","type-page","status-publish","hentry"],"aioseo_notices":[],"_links":{"self":[{"href":"https:\/\/www.earsonics.com\/protection-auditive\/wp-json\/wp\/v2\/pages\/34","targetHints":{"allow":["GET"]}}],"collection":[{"href":"https:\/\/www.earsonics.com\/protection-auditive\/wp-json\/wp\/v2\/pages"}],"about":[{"href":"https:\/\/www.earsonics.com\/protection-auditive\/wp-json\/wp\/v2\/types\/page"}],"author":[{"embeddable":true,"href":"https:\/\/www.earsonics.com\/protection-auditive\/wp-json\/wp\/v2\/users\/1"}],"replies":[{"embeddable":true,"href":"https:\/\/www.earsonics.com\/protection-auditive\/wp-json\/wp\/v2\/comments?post=34"}],"version-history":[{"count":6,"href":"https:\/\/www.earsonics.com\/protection-auditive\/wp-json\/wp\/v2\/pages\/34\/revisions"}],"predecessor-version":[{"id":1868,"href":"https:\/\/www.earsonics.com\/protection-auditive\/wp-json\/wp\/v2\/pages\/34\/revisions\/1868"}],"wp:attachment":[{"href":"https:\/\/www.earsonics.com\/protection-auditive\/wp-json\/wp\/v2\/media?parent=34"}],"curies":[{"name":"wp","href":"https:\/\/api.w.org\/{rel}","templated":true}]}}