{"id":58,"date":"2013-11-12T15:41:20","date_gmt":"2013-11-12T14:41:20","guid":{"rendered":"http:\/\/www.earsonics.com\/earpad\/?page_id=58"},"modified":"2022-05-17T21:38:25","modified_gmt":"2022-05-17T20:38:25","slug":"societe","status":"publish","type":"page","link":"https:\/\/www.earsonics.com\/protection-auditive\/societe\/","title":{"rendered":"SOCIETE"},"content":{"rendered":"<div class=\"wpb-content-wrapper\"><p>[vc_row row_height_percent=\u00a0\u00bb65&Prime; back_image=\u00a0\u00bb976&Prime; parallax=\u00a0\u00bbyes\u00a0\u00bb overlay_color=\u00a0\u00bbcolor-jevc\u00a0\u00bb overlay_alpha=\u00a0\u00bb25&Prime; gutter_size=\u00a0\u00bb3&Prime; column_width_percent=\u00a0\u00bb100&Prime; shift_y=\u00a0\u00bb0&Prime; z_index=\u00a0\u00bb0&Prime;][vc_column column_width_percent=\u00a0\u00bb100&Prime; position_vertical=\u00a0\u00bbmiddle\u00a0\u00bb align_horizontal=\u00a0\u00bbalign_center\u00a0\u00bb gutter_size=\u00a0\u00bb3&Prime; style=\u00a0\u00bbdark\u00a0\u00bb overlay_alpha=\u00a0\u00bb50&Prime; shift_x=\u00a0\u00bb0&Prime; shift_y=\u00a0\u00bb0&Prime; shift_y_down=\u00a0\u00bb0&Prime; z_index=\u00a0\u00bb0&Prime; medium_width=\u00a0\u00bb0&Prime; mobile_width=\u00a0\u00bb0&Prime; width=\u00a0\u00bb1\/1&Prime;][vc_custom_heading]<\/p>\n<h3>A PROPOS D&rsquo; EARSONICS<\/h3>\n<p>[\/vc_custom_heading][\/vc_column][\/vc_row][vc_row][vc_column][vc_row_inner limit_content=\u00a0\u00bb\u00a0\u00bb][vc_column_inner column_width_percent=\u00a0\u00bb100&Prime; gutter_size=\u00a0\u00bb3&Prime; back_color=\u00a0\u00bbcolor-xsdn\u00a0\u00bb overlay_alpha=\u00a0\u00bb50&Prime; shift_x=\u00a0\u00bb0&Prime; shift_y=\u00a0\u00bb0&Prime; shift_y_down=\u00a0\u00bb0&Prime; z_index=\u00a0\u00bb0&Prime; medium_width=\u00a0\u00bb0&Prime; mobile_width=\u00a0\u00bb0&Prime; radius=\u00a0\u00bbxl\u00a0\u00bb width=\u00a0\u00bb1\/1&Prime;][vc_custom_heading text_size=\u00a0\u00bbh3&Prime; uncode_shortcode_id=\u00a0\u00bb507296&Prime; text_color_type=\u00a0\u00bbuncode-palette\u00a0\u00bb text_color_solid=\u00a0\u00bb#ff0000&Prime;]Du Domaine Audio vers la Protection Auditive[\/vc_custom_heading][vc_column_text uncode_shortcode_id=\u00a0\u00bb370148&Prime;]<strong>Franck LOPEZ,<\/strong>\u00a0 musicien professionnel et ing\u00e9nieur du son, cr\u00e9e un syst\u00e8me de retour de sc\u00e8ne innovant avec les in-ear-monitors <strong>EM2-PRO et EM3-PRO<\/strong>.<\/p>\n<p>Le concept du in-ear-monitoring consiste \u00e0 remplacer les enceintes utilis\u00e9es pour le retour du son et tourn\u00e9es vers les musiciens, par des \u00e9couteurs intra-auriculaires sur-mesure, branch\u00e9es \u00e0 des bo\u00eetiers sans fils. Les musiciens b\u00e9n\u00e9ficient ainsi d\u2019un retour du son de <strong>haute qualit\u00e9 tout en prot\u00e9geant leur audition<\/strong> des niveaux sonores \u00e9lev\u00e9s de la sc\u00e8ne.<\/p>\n<p>Tr\u00e8s vite, <strong>EarSonics<\/strong> \u00e9toffe sa gamme pour r\u00e9pondre \u00e0 toutes les exigences des professionnels du son.<br \/>\nPremier concepteur et fabricant fran\u00e7ais de in-ear-monitors sur-mesure, la soci\u00e9t\u00e9 devient rapidement <strong>leader<\/strong> dans son domaine en fournissant les principales soci\u00e9t\u00e9s de production.<\/p>\n<p>Conscient que c\u2019est un march\u00e9 de niche, <strong>EarSonics<\/strong> envisage d&rsquo;une part d&rsquo;\u00e9tendre sa gamme de in-ear monitors au march\u00e9 Audiophile et grand public, mais aussi d\u2019apporter son SAVOIR FAIRE dans le domaine du son au secteur de la PROTECTION ACOUSTIQUE.<br \/>\nEn effet, ce dernier est un march\u00e9 aux technologies vieillissantes, dans un univers , ou fabricants et professionnels pensent que pour bien prot\u00e9ger il faut surprot\u00e9ger.<\/p>\n<p>Fort de ce constat, <strong>Franck LOPEZ<\/strong> d\u00e9cide en <strong>2007<\/strong> de s\u2019associer \u00e0 <strong>Hubert RODIER <\/strong>pour cr\u00e9er une JEI (jeune entreprise innovante) Int\u00e9gr\u00e9e au sein du Business &amp; Innovation Centre (BIC) de Montpellier, Award International du \u00ab Meilleur Incubateur \u00bb d\u00e9cern\u00e9 par NBIA,<strong>EarSonics<\/strong>\u00a0b\u00e9n\u00e9ficie du soutien de la R\u00e9gion Languedoc Roussillon, Transfert LR, BPIFRANCE, du Conseil G\u00e9n\u00e9ral, de la CCI et de Montpellier Unlimited, la marque de l\u2019excellence \u00e9conomique de Montpellier Agglom\u00e9ration.<br \/>\navec de nouveaux produits chaque ann\u00e9e.<\/p>\n<p><strong>EARSONICS<\/strong> a pour objectif a l&rsquo;instar de son d\u00e9partement in-ear monitors, de devenir leader sur le march\u00e9 de la protection auditive en france gr\u00e2ce \u00e0 l&rsquo;innovation et sa parfaite connaissance du son.<\/p>\n<p>\u00c0 partir de cette date les \u00e9v\u00e9nements s\u2019encha\u00eenent :<\/p>\n<p>\u2022 D\u00e9p\u00f4t du <strong>premier brevet Fran\u00e7ais en D\u00e9cembre 2007 d\u2019un protecteur acoustique avec un correcteur loudness int\u00e9gr\u00e9<\/strong>, en universel et en moul\u00e9, <strong>EarSonics<\/strong> est la premi\u00e8re entreprise \u00e0 avoir revendiquer la <strong>juste protection<\/strong>, la technologie<strong> Earpad <\/strong>\u00e9tait n\u00e9.<\/p>\n<p>\u2022 R\u00e9f\u00e9rencements dans divers domaines, la moto, l&rsquo;industrie, le BTP, la musique, les \u00e9coles, l\u2019agroalimentaire, les collectivit\u00e9s, les piscines, les centrales nucl\u00e9aires, les particuliers etc\u2026[\/vc_column_text][\/vc_column_inner][\/vc_row_inner][\/vc_column][\/vc_row][vc_row unlock_row_content=\u00a0\u00bbyes\u00a0\u00bb row_height_percent=\u00a0\u00bb40&Prime; back_image=\u00a0\u00bb899&Prime; back_position=\u00a0\u00bbcenter center\u00a0\u00bb parallax=\u00a0\u00bbyes\u00a0\u00bb overlay_color=\u00a0\u00bbcolor-jevc\u00a0\u00bb overlay_alpha=\u00a0\u00bb53&Prime; gutter_size=\u00a0\u00bb3&Prime; column_width_percent=\u00a0\u00bb100&Prime; shift_y=\u00a0\u00bb0&Prime; z_index=\u00a0\u00bb0&Prime;][vc_column column_width_percent=\u00a0\u00bb100&Prime; position_vertical=\u00a0\u00bbmiddle\u00a0\u00bb align_horizontal=\u00a0\u00bbalign_center\u00a0\u00bb gutter_size=\u00a0\u00bb3&Prime; style=\u00a0\u00bbdark\u00a0\u00bb overlay_alpha=\u00a0\u00bb50&Prime; shift_x=\u00a0\u00bb0&Prime; shift_y=\u00a0\u00bb0&Prime; shift_y_down=\u00a0\u00bb0&Prime; z_index=\u00a0\u00bb0&Prime; medium_width=\u00a0\u00bb0&Prime; mobile_width=\u00a0\u00bb0&Prime; width=\u00a0\u00bb1\/1&Prime;][vc_column_text]<\/p>\n<h2>UN SAVOIR FAIRE<\/h2>\n<p><strong>une fabrication 100% fran\u00e7ais<\/strong><br \/>\nEarSonics, premier concepteur et fabricant Fran\u00e7ais d\u2019oreillettes pour le retour de sc\u00e8ne des chanteurs et musiciens, met au service de la protection de l\u2019audition, ses comp\u00e9tences en mati\u00e8re d\u2019acoustique et sa maitrise du son. Une nouvelle approche in\u00e9dite et originale, inspir\u00e9e des technologies hi-fi et audio pro qui a fait ses preuves aupr\u00e8s de la sc\u00e8ne nationale.<br \/>\nJohnny Hallyday, Myl\u00e8ne Farmer, Julien Clerc\u2026et bien d\u2019autres nous font confiance\u2026<br \/>\nla haute technologie d\u00e9sormais \u00e0 port\u00e9e de tous ![\/vc_column_text][\/vc_column][\/vc_row][vc_row][vc_column column_width_percent=\u00a0\u00bb100&Prime; gutter_size=\u00a0\u00bb3&Prime; back_color=\u00a0\u00bbcolor-xsdn\u00a0\u00bb overlay_alpha=\u00a0\u00bb50&Prime; shift_x=\u00a0\u00bb0&Prime; shift_y=\u00a0\u00bb0&Prime; shift_y_down=\u00a0\u00bb0&Prime; z_index=\u00a0\u00bb0&Prime; medium_width=\u00a0\u00bb0&Prime; mobile_width=\u00a0\u00bb0&Prime; radius=\u00a0\u00bbxl\u00a0\u00bb width=\u00a0\u00bb1\/1&Prime; uncode_shortcode_id=\u00a0\u00bb118606&Prime; back_color_type=\u00a0\u00bbuncode-palette\u00a0\u00bb back_color_solid=\u00a0\u00bb#ff0000&Prime; overlay_color_type=\u00a0\u00bbuncode-palette\u00a0\u00bb overlay_color_solid=\u00a0\u00bb#ff0000&Prime; border_color_type=\u00a0\u00bbuncode-palette\u00a0\u00bb border_color_solid=\u00a0\u00bb#ff0000&Prime;][vc_column_text uncode_shortcode_id=\u00a0\u00bb110729&Prime; text_color_type=\u00a0\u00bbuncode-palette\u00a0\u00bb text_color_solid=\u00a0\u00bb#ff0000&Prime; border_color_type=\u00a0\u00bbuncode-palette\u00a0\u00bb border_color_solid=\u00a0\u00bb#ff0000&Prime;]<\/p>\n<h3>Mais aussi\u2026..<\/h3>\n<p>\u2022 Lancement d\u2019un nouveau protecteur auditif actif brevet\u00e9, r\u00e9volutionnaire, qui \u00a0bouleverse le monde de la <strong>protection auditive<\/strong>, et change la fa\u00e7on de se prot\u00e9ger dans le secteur industriel et professionnel.<br \/>\n\u2022 Le seul protecteur qui r\u00e9ponde \u00e0 100% \u00e0 LA NORME NF EN 458, et garantira \u00e0 son utilisateur qu\u2019il est toujours correctement prot\u00e9g\u00e9&#8230;[\/vc_column_text][\/vc_column][\/vc_row]<\/p>\n<\/div>","protected":false},"excerpt":{"rendered":"<p>[vc_row row_height_percent=\u00a0\u00bb65&Prime; back_image=\u00a0\u00bb976&Prime; parallax=\u00a0\u00bbyes\u00a0\u00bb overlay_color=\u00a0\u00bbcolor-jevc\u00a0\u00bb overlay_alpha=\u00a0\u00bb25&Prime; gutter_size=\u00a0\u00bb3&Prime; column_width_percent=\u00a0\u00bb100&Prime; shift_y=\u00a0\u00bb0&Prime; z_index=\u00a0\u00bb0&Prime;][vc_column column_width_percent=\u00a0\u00bb100&Prime; position_vertical=\u00a0\u00bbmiddle\u00a0\u00bb align_horizontal=\u00a0\u00bbalign_center\u00a0\u00bb gutter_size=\u00a0\u00bb3&Prime; style=\u00a0\u00bbdark\u00a0\u00bb overlay_alpha=\u00a0\u00bb50&Prime; shift_x=\u00a0\u00bb0&Prime; shift_y=\u00a0\u00bb0&Prime; shift_y_down=\u00a0\u00bb0&Prime; z_index=\u00a0\u00bb0&Prime; [&hellip;]<\/p>\n","protected":false},"author":1,"featured_media":0,"parent":0,"menu_order":0,"comment_status":"closed","ping_status":"closed","template":"","meta":{"footnotes":""},"class_list":["post-58","page","type-page","status-publish","hentry"],"aioseo_notices":[],"_links":{"self":[{"href":"https:\/\/www.earsonics.com\/protection-auditive\/wp-json\/wp\/v2\/pages\/58","targetHints":{"allow":["GET"]}}],"collection":[{"href":"https:\/\/www.earsonics.com\/protection-auditive\/wp-json\/wp\/v2\/pages"}],"about":[{"href":"https:\/\/www.earsonics.com\/protection-auditive\/wp-json\/wp\/v2\/types\/page"}],"author":[{"embeddable":true,"href":"https:\/\/www.earsonics.com\/protection-auditive\/wp-json\/wp\/v2\/users\/1"}],"replies":[{"embeddable":true,"href":"https:\/\/www.earsonics.com\/protection-auditive\/wp-json\/wp\/v2\/comments?post=58"}],"version-history":[{"count":6,"href":"https:\/\/www.earsonics.com\/protection-auditive\/wp-json\/wp\/v2\/pages\/58\/revisions"}],"predecessor-version":[{"id":1854,"href":"https:\/\/www.earsonics.com\/protection-auditive\/wp-json\/wp\/v2\/pages\/58\/revisions\/1854"}],"wp:attachment":[{"href":"https:\/\/www.earsonics.com\/protection-auditive\/wp-json\/wp\/v2\/media?parent=58"}],"curies":[{"name":"wp","href":"https:\/\/api.w.org\/{rel}","templated":true}]}}

<div class="wpb-content-wrapper"><p>[vc_row row_height_percent= »65&Prime; back_image= »976&Prime; parallax= »yes » overlay_color= »color-jevc » overlay_alpha= »25&Prime; gutter_size= »3&Prime; column_width_percent= »100&Prime; shift_y= »0&Prime; z_index= »0&Prime;][vc_column column_width_percent= »100&Prime; position_vertical= »middle » align_horizontal= »align_center » gutter_size= »3&Prime; style= »dark » overlay_alpha= »50&Prime; shift_x= »0&Prime; shift_y= »0&Prime; shift_y_down= »0&Prime; z_index= »0&Prime; medium_width= »0&Prime; mobile_width= »0&Prime; width= »1/1&Prime;][vc_custom_heading]</p>
<h3>A PROPOS D&rsquo; EARSONICS</h3>
<p>[/vc_custom_heading][/vc_column][/vc_row][vc_row][vc_column][vc_row_inner limit_content= » »][vc_column_inner column_width_percent= »100&Prime; gutter_size= »3&Prime; back_color= »color-xsdn » overlay_alpha= »50&Prime; shift_x= »0&Prime; shift_y= »0&Prime; shift_y_down= »0&Prime; z_index= »0&Prime; medium_width= »0&Prime; mobile_width= »0&Prime; radius= »xl » width= »1/1&Prime;][vc_custom_heading text_size= »h3&Prime; uncode_shortcode_id= »507296&Prime; text_color_type= »uncode-palette » text_color_solid= »#ff0000&Prime;]Du Domaine Audio vers la Protection Auditive[/vc_custom_heading][vc_column_text uncode_shortcode_id= »370148&Prime;]<strong>Franck LOPEZ,</strong>  musicien professionnel et ingénieur du son, crée un système de retour de scène innovant avec les in-ear-monitors <strong>EM2-PRO et EM3-PRO</strong>.</p>
<p>Le concept du in-ear-monitoring consiste à remplacer les enceintes utilisées pour le retour du son et tournées vers les musiciens, par des écouteurs intra-auriculaires sur-mesure, branchées à des boîtiers sans fils. Les musiciens bénéficient ainsi d’un retour du son de <strong>haute qualité tout en protégeant leur audition</strong> des niveaux sonores élevés de la scène.</p>
<p>Très vite, <strong>EarSonics</strong> étoffe sa gamme pour répondre à toutes les exigences des professionnels du son.<br />
Premier concepteur et fabricant français de in-ear-monitors sur-mesure, la société devient rapidement <strong>leader</strong> dans son domaine en fournissant les principales sociétés de production.</p>
<p>Conscient que c’est un marché de niche, <strong>EarSonics</strong> envisage d&rsquo;une part d&rsquo;étendre sa gamme de in-ear monitors au marché Audiophile et grand public, mais aussi d’apporter son SAVOIR FAIRE dans le domaine du son au secteur de la PROTECTION ACOUSTIQUE.<br />
En effet, ce dernier est un marché aux technologies vieillissantes, dans un univers , ou fabricants et professionnels pensent que pour bien protéger il faut surprotéger.</p>
<p>Fort de ce constat, <strong>Franck LOPEZ</strong> décide en <strong>2007</strong> de s’associer à <strong>Hubert RODIER </strong>pour créer une JEI (jeune entreprise innovante) Intégrée au sein du Business &amp; Innovation Centre (BIC) de Montpellier, Award International du « Meilleur Incubateur » décerné par NBIA,<strong>EarSonics</strong> bénéficie du soutien de la Région Languedoc Roussillon, Transfert LR, BPIFRANCE, du Conseil Général, de la CCI et de Montpellier Unlimited, la marque de l’excellence économique de Montpellier Agglomération.<br />
avec de nouveaux produits chaque année.</p>
<p><strong>EARSONICS</strong> a pour objectif a l&rsquo;instar de son département in-ear monitors, de devenir leader sur le marché de la protection auditive en france grâce à l&rsquo;innovation et sa parfaite connaissance du son.</p>
<p>À partir de cette date les événements s’enchaînent :</p>
<p>• Dépôt du <strong>premier brevet Français en Décembre 2007 d’un protecteur acoustique avec un correcteur loudness intégré</strong>, en universel et en moulé, <strong>EarSonics</strong> est la première entreprise à avoir revendiquer la <strong>juste protection</strong>, la technologie<strong> Earpad </strong>était né.</p>
<p>• Référencements dans divers domaines, la moto, l&rsquo;industrie, le BTP, la musique, les écoles, l’agroalimentaire, les collectivités, les piscines, les centrales nucléaires, les particuliers etc…[/vc_column_text][/vc_column_inner][/vc_row_inner][/vc_column][/vc_row][vc_row unlock_row_content= »yes » row_height_percent= »40&Prime; back_image= »899&Prime; back_position= »center center » parallax= »yes » overlay_color= »color-jevc » overlay_alpha= »53&Prime; gutter_size= »3&Prime; column_width_percent= »100&Prime; shift_y= »0&Prime; z_index= »0&Prime;][vc_column column_width_percent= »100&Prime; position_vertical= »middle » align_horizontal= »align_center » gutter_size= »3&Prime; style= »dark » overlay_alpha= »50&Prime; shift_x= »0&Prime; shift_y= »0&Prime; shift_y_down= »0&Prime; z_index= »0&Prime; medium_width= »0&Prime; mobile_width= »0&Prime; width= »1/1&Prime;][vc_column_text]</p>
<h2>UN SAVOIR FAIRE</h2>
<p><strong>une fabrication 100% français</strong><br />
EarSonics, premier concepteur et fabricant Français d’oreillettes pour le retour de scène des chanteurs et musiciens, met au service de la protection de l’audition, ses compétences en matière d’acoustique et sa maitrise du son. Une nouvelle approche inédite et originale, inspirée des technologies hi-fi et audio pro qui a fait ses preuves auprès de la scène nationale.<br />
Johnny Hallyday, Mylène Farmer, Julien Clerc…et bien d’autres nous font confiance…<br />
la haute technologie désormais à portée de tous ![/vc_column_text][/vc_column][/vc_row][vc_row][vc_column column_width_percent= »100&Prime; gutter_size= »3&Prime; back_color= »color-xsdn » overlay_alpha= »50&Prime; shift_x= »0&Prime; shift_y= »0&Prime; shift_y_down= »0&Prime; z_index= »0&Prime; medium_width= »0&Prime; mobile_width= »0&Prime; radius= »xl » width= »1/1&Prime; uncode_shortcode_id= »118606&Prime; back_color_type= »uncode-palette » back_color_solid= »#ff0000&Prime; overlay_color_type= »uncode-palette » overlay_color_solid= »#ff0000&Prime; border_color_type= »uncode-palette » border_color_solid= »#ff0000&Prime;][vc_column_text uncode_shortcode_id= »110729&Prime; text_color_type= »uncode-palette » text_color_solid= »#ff0000&Prime; border_color_type= »uncode-palette » border_color_solid= »#ff0000&Prime;]</p>
<h3>Mais aussi…..</h3>
<p>• Lancement d’un nouveau protecteur auditif actif breveté, révolutionnaire, qui  bouleverse le monde de la <strong>protection auditive</strong>, et change la façon de se protéger dans le secteur industriel et professionnel.<br />
• Le seul protecteur qui réponde à 100% à LA NORME NF EN 458, et garantira à son utilisateur qu’il est toujours correctement protégé&#8230;[/vc_column_text][/vc_column][/vc_row]</p>
</div>
