{"id":95,"date":"2013-11-25T13:54:52","date_gmt":"2013-11-25T12:54:52","guid":{"rendered":"http:\/\/www.earsonics.com\/earpad\/?page_id=95"},"modified":"2022-05-22T21:13:59","modified_gmt":"2022-05-22T20:13:59","slug":"technologie-earpad-cli","status":"publish","type":"page","link":"https:\/\/www.earsonics.com\/protection-auditive\/technologie-earpad-cli\/","title":{"rendered":"TECHNOLOGIE EARPAD CLI"},"content":{"rendered":"<div class=\"wpb-content-wrapper\"><p>[vc_row row_height_percent=\u00a0\u00bb50&Prime; back_image=\u00a0\u00bb1754&Prime; back_position=\u00a0\u00bbcenter bottom\u00a0\u00bb parallax=\u00a0\u00bbyes\u00a0\u00bb overlay_color=\u00a0\u00bbcolor-jevc\u00a0\u00bb overlay_alpha=\u00a0\u00bb0&Prime; gutter_size=\u00a0\u00bb3&Prime; column_width_percent=\u00a0\u00bb100&Prime; shift_y=\u00a0\u00bb0&Prime; z_index=\u00a0\u00bb0&Prime; uncode_shortcode_id=\u00a0\u00bb190069&Prime; overlay_color_type=\u00a0\u00bbuncode-palette\u00a0\u00bb back_color_type=\u00a0\u00bbuncode-palette\u00a0\u00bb back_color_solid=\u00a0\u00bb#ff0000&Prime; overlay_color_solid=\u00a0\u00bb#ff0000&Prime; border_color_type=\u00a0\u00bbuncode-palette\u00a0\u00bb border_color_solid=\u00a0\u00bb#ff0000&Prime; shape_dividers=\u00a0\u00bb\u00a0\u00bb][vc_column column_width_percent=\u00a0\u00bb100&Prime; position_vertical=\u00a0\u00bbmiddle\u00a0\u00bb align_horizontal=\u00a0\u00bbalign_center\u00a0\u00bb gutter_size=\u00a0\u00bb3&Prime; style=\u00a0\u00bbdark\u00a0\u00bb overlay_alpha=\u00a0\u00bb50&Prime; shift_x=\u00a0\u00bb0&Prime; shift_y=\u00a0\u00bb0&Prime; shift_y_down=\u00a0\u00bb0&Prime; z_index=\u00a0\u00bb0&Prime; medium_width=\u00a0\u00bb0&Prime; mobile_width=\u00a0\u00bb0&Prime; width=\u00a0\u00bb1\/1&Prime;][vc_custom_heading]<\/p>\n<h3>LE CORRECTEUR LOUDNESS INTEGRE EARPAD CLI<\/h3>\n<h3>innovation technologique brevet\u00e9e !<\/h3>\n<p>[\/vc_custom_heading][\/vc_column][\/vc_row][vc_row row_height_percent=\u00a0\u00bb0&Prime; override_padding=\u00a0\u00bbyes\u00a0\u00bb h_padding=\u00a0\u00bb2&Prime; top_padding=\u00a0\u00bb3&Prime; bottom_padding=\u00a0\u00bb2&Prime; overlay_alpha=\u00a0\u00bb50&Prime; gutter_size=\u00a0\u00bb3&Prime; column_width_percent=\u00a0\u00bb100&Prime; shift_y=\u00a0\u00bb0&Prime; z_index=\u00a0\u00bb0&Prime; uncode_shortcode_id=\u00a0\u00bb669882&Prime; back_color_type=\u00a0\u00bbuncode-palette\u00a0\u00bb back_color_solid=\u00a0\u00bb#ff0000&Prime; overlay_color_type=\u00a0\u00bbuncode-palette\u00a0\u00bb overlay_color_solid=\u00a0\u00bb#ff0000&Prime; border_color_type=\u00a0\u00bbuncode-palette\u00a0\u00bb border_color_solid=\u00a0\u00bb#ff0000&Prime; shape_dividers=\u00a0\u00bb\u00a0\u00bb][vc_column column_width_percent=\u00a0\u00bb100&Prime; gutter_size=\u00a0\u00bb3&Prime; back_color=\u00a0\u00bbcolor-xsdn\u00a0\u00bb overlay_alpha=\u00a0\u00bb50&Prime; shift_x=\u00a0\u00bb0&Prime; shift_y=\u00a0\u00bb0&Prime; shift_y_down=\u00a0\u00bb0&Prime; z_index=\u00a0\u00bb0&Prime; medium_width=\u00a0\u00bb0&Prime; mobile_width=\u00a0\u00bb0&Prime; radius=\u00a0\u00bbxl\u00a0\u00bb width=\u00a0\u00bb1\/2&Prime; uncode_shortcode_id=\u00a0\u00bb145960&Prime; back_color_type=\u00a0\u00bbuncode-palette\u00a0\u00bb back_color_solid=\u00a0\u00bb#ff0000&Prime; overlay_color_type=\u00a0\u00bbuncode-palette\u00a0\u00bb overlay_color_solid=\u00a0\u00bb#ff0000&Prime; border_color_type=\u00a0\u00bbuncode-palette\u00a0\u00bb border_color_solid=\u00a0\u00bb#ff0000&Prime;][vc_single_image media=\u00a0\u00bb1073&Prime; media_width_percent=\u00a0\u00bb80&Prime; alignment=\u00a0\u00bbcenter\u00a0\u00bb uncode_shortcode_id=\u00a0\u00bb238029&Prime;][\/vc_column][vc_column column_width_percent=\u00a0\u00bb100&Prime; gutter_size=\u00a0\u00bb3&Prime; back_color=\u00a0\u00bbcolor-xsdn\u00a0\u00bb overlay_alpha=\u00a0\u00bb50&Prime; shift_x=\u00a0\u00bb0&Prime; shift_y=\u00a0\u00bb0&Prime; shift_y_down=\u00a0\u00bb0&Prime; z_index=\u00a0\u00bb0&Prime; medium_width=\u00a0\u00bb0&Prime; mobile_width=\u00a0\u00bb0&Prime; radius=\u00a0\u00bbxl\u00a0\u00bb width=\u00a0\u00bb1\/2&Prime; uncode_shortcode_id=\u00a0\u00bb129050&Prime; back_color_type=\u00a0\u00bbuncode-palette\u00a0\u00bb back_color_solid=\u00a0\u00bb#ff0000&Prime; overlay_color_type=\u00a0\u00bbuncode-palette\u00a0\u00bb overlay_color_solid=\u00a0\u00bb#ff0000&Prime; border_color_type=\u00a0\u00bbuncode-palette\u00a0\u00bb border_color_solid=\u00a0\u00bb#ff0000&Prime;][vc_column_text uncode_shortcode_id=\u00a0\u00bb166705&Prime; text_color_type=\u00a0\u00bbuncode-palette\u00a0\u00bb text_color_solid=\u00a0\u00bb#ff0000&Prime; border_color_type=\u00a0\u00bbuncode-palette\u00a0\u00bb border_color_solid=\u00a0\u00bb#ff0000&Prime;]<\/p>\n<h3><strong>Qu&rsquo;est ce que le syst\u00e8me CLI EARPAD\u00ae?<\/strong><\/h3>\n<p>Inspir\u00e9 des technologies utilis\u00e9es en audio-pro et en hi-fi, le filtre acoustique\u00a0earpad\u00ae\u00a0int\u00e8gre, pour la premi\u00e8re fois dans un protecteur auditif, le principe du\u00a0<strong>correcteur Loudness<\/strong>.<\/p>\n<p>Principe physiologique utilis\u00e9 pour corriger un signal audio, afin d&rsquo;obtenir un son subjectivement plus puissant et \u00e9quilibr\u00e9 lors d&rsquo;une \u00e9coute \u00e0 bas volume, le\u00a0correcteur loudness\u00a0consiste \u00e0 compenser le fait que l&rsquo;oreille humaine est moins sensible dans les graves et les aigus \u00e0 faible niveau sonore, comme repr\u00e9sent\u00e9 sur le graphiqe ci-contre (courbes isosoniques de Fletcher et Munson).<\/p>\n<p>La technologie CLI EarSonics permet donc de <strong>donner \u00e0 l&rsquo;oreille ce qu&rsquo;elle a envie d&rsquo;entendre lorsque le son est att\u00e9nu\u00e9<\/strong>.[\/vc_column_text][\/vc_column][\/vc_row][vc_row row_height_percent=\u00a0\u00bb0&Prime; override_padding=\u00a0\u00bbyes\u00a0\u00bb h_padding=\u00a0\u00bb2&Prime; top_padding=\u00a0\u00bb2&Prime; bottom_padding=\u00a0\u00bb1&Prime; overlay_alpha=\u00a0\u00bb80&Prime; gutter_size=\u00a0\u00bb3&Prime; column_width_percent=\u00a0\u00bb100&Prime; shift_y=\u00a0\u00bb0&Prime; z_index=\u00a0\u00bb0&Prime; uncode_shortcode_id=\u00a0\u00bb132846&Prime; back_color_type=\u00a0\u00bbuncode-palette\u00a0\u00bb back_color_solid=\u00a0\u00bb#ff0000&Prime; overlay_color_type=\u00a0\u00bbuncode-palette\u00a0\u00bb overlay_color_solid=\u00a0\u00bb#ff0000&Prime; border_color_type=\u00a0\u00bbuncode-palette\u00a0\u00bb border_color_solid=\u00a0\u00bb#ff0000&Prime;][vc_column column_width_percent=\u00a0\u00bb81&Prime; position_vertical=\u00a0\u00bbmiddle\u00a0\u00bb align_horizontal=\u00a0\u00bbalign_center\u00a0\u00bb gutter_size=\u00a0\u00bb2&Prime; override_padding=\u00a0\u00bbyes\u00a0\u00bb column_padding=\u00a0\u00bb2&Prime; overlay_alpha=\u00a0\u00bb50&Prime; shift_x=\u00a0\u00bb0&Prime; shift_y=\u00a0\u00bb0&Prime; shift_y_down=\u00a0\u00bb0&Prime; z_index=\u00a0\u00bb0&Prime; medium_width=\u00a0\u00bb0&Prime; mobile_width=\u00a0\u00bb0&Prime; radius=\u00a0\u00bbxl\u00a0\u00bb width=\u00a0\u00bb1\/1&Prime; uncode_shortcode_id=\u00a0\u00bb266083&Prime; back_color_type=\u00a0\u00bbuncode-palette\u00a0\u00bb back_color_solid=\u00a0\u00bb#ff0000&Prime; overlay_color_type=\u00a0\u00bbuncode-palette\u00a0\u00bb overlay_color_solid=\u00a0\u00bb#ff0000&Prime; border_color_type=\u00a0\u00bbuncode-palette\u00a0\u00bb border_color_solid=\u00a0\u00bb#ff0000&Prime;][vc_separator sep_color=\u00a0\u00bb\u00a0\u00bb uncode_shortcode_id=\u00a0\u00bb182800&Prime; sep_color_type=\u00a0\u00bbuncode-palette\u00a0\u00bb sep_color_solid=\u00a0\u00bb#ff0000&Prime;][vc_custom_heading uncode_shortcode_id=\u00a0\u00bb179789&Prime; text_color_type=\u00a0\u00bbuncode-palette\u00a0\u00bb text_color_solid=\u00a0\u00bb#ff0000&Prime;]<\/p>\n<h3>Pour aller plus loin<\/h3>\n<p>[\/vc_custom_heading][\/vc_column][\/vc_row][vc_row][vc_column][vc_column_text uncode_shortcode_id=\u00a0\u00bb171659&Prime; text_color_type=\u00a0\u00bbuncode-palette\u00a0\u00bb text_color_solid=\u00a0\u00bb#ff0000&Prime; border_color_type=\u00a0\u00bbuncode-palette\u00a0\u00bb border_color_solid=\u00a0\u00bb#ff0000&Prime;]L&rsquo;oreille humaine ne per\u00e7oit pas le son de fa\u00e7on in\u00e9aire. En effet, sa courbe d&rsquo;amplification, bien sp\u00e9cifique, culmine aux alentours de 4000 htz et demeure peu sensible dans les extremes aigus et graves.<\/p>\n<p>Notons \u00e9galement que la sensibilit\u00e9 de l&rsquo;oreille varie fortement suivant la pression sonore.<\/p>\n<p>Ainsi, lorsque le son est att\u00e9nu\u00e9, l&rsquo;oreille a naturellement envie de compenser toutes les autres fr\u00e9quences qu&rsquo;elle n&rsquo;amplifie pas naturellement et aux quelles elle est beaucoup moins sensible.<\/p>\n<p>Partant de ce constat, le filtre\u00a0earpad\u00ae\u00a0a \u00e9t\u00e9 d\u00e9velopp\u00e9 pour prot\u00e9ger l&rsquo;audition de fa\u00e7on optimum en favorisant l&rsquo;att\u00e9nuation sur les fr\u00e9quences les plus sensibles et en relachant les att\u00e9nuations sur les extr\u00e8mes graves et aigus afin de rendre le son plus naturel et plus dynamique.<\/p>\n<p>&nbsp;<\/p>\n<p style=\"text-align: center;\"><strong>ATTENUATION LOUDNESS = RESTITUTION LINEAIRE\u2026<\/strong><br \/>\n&#8230; pour une\u00a0protection accrue\u00a0sur la zone la plus sensible ( zone 1 sur graphique )<br \/>\n&#8230; et une restitution favoris\u00e9e sur les extr\u00eames aigus et graves pour une\u00a0qualit\u00e9 d\u2019\u00e9coute remarquable.<br \/>\n( zones 2 et 3 sur graphique )[\/vc_column_text][\/vc_column][\/vc_row][vc_row][vc_column column_width_percent=\u00a0\u00bb100&Prime; gutter_size=\u00a0\u00bb3&Prime; back_color=\u00a0\u00bbcolor-xsdn\u00a0\u00bb overlay_alpha=\u00a0\u00bb50&Prime; shift_x=\u00a0\u00bb0&Prime; shift_y=\u00a0\u00bb0&Prime; shift_y_down=\u00a0\u00bb0&Prime; z_index=\u00a0\u00bb0&Prime; medium_width=\u00a0\u00bb0&Prime; mobile_width=\u00a0\u00bb0&Prime; radius=\u00a0\u00bbxl\u00a0\u00bb width=\u00a0\u00bb1\/2&Prime; uncode_shortcode_id=\u00a0\u00bb210305&Prime; back_color_type=\u00a0\u00bbuncode-palette\u00a0\u00bb back_color_solid=\u00a0\u00bb#ff0000&Prime; overlay_color_type=\u00a0\u00bbuncode-palette\u00a0\u00bb overlay_color_solid=\u00a0\u00bb#ff0000&Prime; border_color_type=\u00a0\u00bbuncode-palette\u00a0\u00bb border_color_solid=\u00a0\u00bb#ff0000&Prime;][vc_column_text uncode_shortcode_id=\u00a0\u00bb383531&Prime; text_color_type=\u00a0\u00bbuncode-palette\u00a0\u00bb text_color_solid=\u00a0\u00bb#ff0000&Prime; border_color_type=\u00a0\u00bbuncode-palette\u00a0\u00bb border_color_solid=\u00a0\u00bb#ff0000&Prime;]<strong>Principe de fonctionnement : combinaison de 3 principes acoustiques&#8230;<\/strong><\/p>\n<p>1.\u00a0Captation\u00a0: le r\u00e9sonateur stimule les extr\u00eame-aigus pour \u00e9viter une perte d\u2019harmonique et permettre la restitution la plus naturelle.<br \/>\n2.\u00a0Att\u00e9nuation\u00a0: le per\u00e7age et la r\u00e9sistance acoustique r\u00e9duisent le son.<br \/>\n3.\u00a0Egalisation\u00a0: la cavit\u00e9 pavillonn\u00e9e permet une projection optimale du son pour le plus grand confort auditif.[\/vc_column_text][\/vc_column][vc_column column_width_percent=\u00a0\u00bb100&Prime; gutter_size=\u00a0\u00bb3&Prime; back_color=\u00a0\u00bbcolor-xsdn\u00a0\u00bb overlay_alpha=\u00a0\u00bb50&Prime; shift_x=\u00a0\u00bb0&Prime; shift_y=\u00a0\u00bb0&Prime; shift_y_down=\u00a0\u00bb0&Prime; z_index=\u00a0\u00bb0&Prime; medium_width=\u00a0\u00bb0&Prime; mobile_width=\u00a0\u00bb0&Prime; radius=\u00a0\u00bbxl\u00a0\u00bb width=\u00a0\u00bb1\/2&Prime; uncode_shortcode_id=\u00a0\u00bb165860&Prime; back_color_type=\u00a0\u00bbuncode-palette\u00a0\u00bb back_color_solid=\u00a0\u00bb#ff0000&Prime; overlay_color_type=\u00a0\u00bbuncode-palette\u00a0\u00bb overlay_color_solid=\u00a0\u00bb#ff0000&Prime; border_color_type=\u00a0\u00bbuncode-palette\u00a0\u00bb border_color_solid=\u00a0\u00bb#ff0000&Prime;][vc_single_image media=\u00a0\u00bb1075&Prime; media_width_percent=\u00a0\u00bb100&Prime; alignment=\u00a0\u00bbcenter\u00a0\u00bb uncode_shortcode_id=\u00a0\u00bb893402&Prime;][\/vc_column][\/vc_row][vc_row][vc_column width=\u00a0\u00bb1\/2&Prime;][vc_column_text uncode_shortcode_id=\u00a0\u00bb136906&Prime; text_color_type=\u00a0\u00bbuncode-palette\u00a0\u00bb text_color_solid=\u00a0\u00bb#ff0000&Prime; border_color_type=\u00a0\u00bbuncode-palette\u00a0\u00bb border_color_solid=\u00a0\u00bb#ff0000&Prime;]Avec le CLI, la technologie exclusive et brevet\u00e9e\u00a0earpad\u00ae\u00a0est la seule \u00e0 proposer un protecteur qui retranscrive une zone spectrale si \u00e9tendue pour une restitution r\u00e9ellement naturelle et dynamique.<\/p>\n<p>En effet, tous les autres protecteurs auditifs ne permettent une restitution sonore correcte du spectre que jusqu&rsquo;\u00e0 8000htz, ignorant ainsi toutes les fr\u00e9quences harmoniques essentielles pour une perception naturelle et a\u00e9r\u00e9e du message sonore, et se situant sur la plage de fr\u00e9quence 10 000 &#8211; 16 000 Hz.<\/p>\n<p><strong>Les avantages de l&rsquo;att\u00e9nuation LOUDNESS :<\/strong><\/p>\n<p>\u2022 Restitution de l&rsquo;environnement sonore LINEAIRE, fid\u00e8le et sans d\u00e9formation.<br \/>\n\u2022 Perception du son plus dynamique, avec plus de relief<br \/>\n\u2022 Moins de perte de contenu, restitution sur une zone fr\u00e9quentielle plus de 20% plus \u00e9tendue qu&rsquo;un filtre lin\u00e9aire.<br \/>\n\u2022 Sensation d&rsquo;occlusion nettement limit\u00e9e, pas d&rsquo;effet \u00ab\u00a0oreilles bouch\u00e9es\u00a0\u00bb<br \/>\n\u2022 Protection renforc\u00e9e sur les fr\u00e9quences les plus sensibles.<\/p>\n<p>Earpad\u00ae, c&rsquo;est tout simplement la derni\u00e8re innovation technologique en mati\u00e8re de filtre acoustique pour la protection de l&rsquo;audition.<\/p>\n<p>Le seul protecteur auditif d\u00e9velopp\u00e9 et fabriqu\u00e9 en France. Brevet international d\u00e9pos\u00e9 par EARSONICS, 1er fabricant fran\u00e7ais de in-ear-monitors pour musiciens et audiophiles.[\/vc_column_text][\/vc_column][\/vc_row][vc_row row_height_percent=\u00a0\u00bb0&Prime; override_padding=\u00a0\u00bbyes\u00a0\u00bb h_padding=\u00a0\u00bb2&Prime; top_padding=\u00a0\u00bb1&Prime; bottom_padding=\u00a0\u00bb1&Prime; overlay_alpha=\u00a0\u00bb50&Prime; gutter_size=\u00a0\u00bb3&Prime; column_width_percent=\u00a0\u00bb100&Prime; shift_y=\u00a0\u00bb0&Prime; z_index=\u00a0\u00bb0&Prime; uncode_shortcode_id=\u00a0\u00bb113323&Prime; back_color_type=\u00a0\u00bbuncode-palette\u00a0\u00bb back_color_solid=\u00a0\u00bb#ff0000&Prime; overlay_color_type=\u00a0\u00bbuncode-palette\u00a0\u00bb overlay_color_solid=\u00a0\u00bb#ff0000&Prime; border_color_type=\u00a0\u00bbuncode-palette\u00a0\u00bb border_color_solid=\u00a0\u00bb#ff0000&Prime;][vc_column column_width_percent=\u00a0\u00bb100&Prime; gutter_size=\u00a0\u00bb3&Prime; overlay_alpha=\u00a0\u00bb50&Prime; shift_x=\u00a0\u00bb0&Prime; shift_y=\u00a0\u00bb0&Prime; shift_y_down=\u00a0\u00bb0&Prime; z_index=\u00a0\u00bb0&Prime; medium_width=\u00a0\u00bb0&Prime; mobile_width=\u00a0\u00bb0&Prime; width=\u00a0\u00bb1\/1&Prime; uncode_shortcode_id=\u00a0\u00bb144937&Prime; back_color_type=\u00a0\u00bbuncode-palette\u00a0\u00bb back_color_solid=\u00a0\u00bb#ff0000&Prime; overlay_color_type=\u00a0\u00bbuncode-palette\u00a0\u00bb overlay_color_solid=\u00a0\u00bb#ff0000&Prime; border_color_type=\u00a0\u00bbuncode-palette\u00a0\u00bb border_color_solid=\u00a0\u00bb#ff0000&Prime;][vc_single_image media=\u00a0\u00bb358&Prime; media_width_percent=\u00a0\u00bb40&Prime; alignment=\u00a0\u00bbcenter\u00a0\u00bb uncode_shortcode_id=\u00a0\u00bb623621&Prime;][\/vc_column][\/vc_row]<\/p>\n<\/div>","protected":false},"excerpt":{"rendered":"<p>[vc_row row_height_percent=\u00a0\u00bb50&Prime; back_image=\u00a0\u00bb1754&Prime; back_position=\u00a0\u00bbcenter bottom\u00a0\u00bb parallax=\u00a0\u00bbyes\u00a0\u00bb overlay_color=\u00a0\u00bbcolor-jevc\u00a0\u00bb overlay_alpha=\u00a0\u00bb0&Prime; gutter_size=\u00a0\u00bb3&Prime; column_width_percent=\u00a0\u00bb100&Prime; shift_y=\u00a0\u00bb0&Prime; z_index=\u00a0\u00bb0&Prime; uncode_shortcode_id=\u00a0\u00bb190069&Prime; overlay_color_type=\u00a0\u00bbuncode-palette\u00a0\u00bb back_color_type=\u00a0\u00bbuncode-palette\u00a0\u00bb back_color_solid=\u00a0\u00bb#ff0000&Prime; overlay_color_solid=\u00a0\u00bb#ff0000&Prime; border_color_type=\u00a0\u00bbuncode-palette\u00a0\u00bb border_color_solid=\u00a0\u00bb#ff0000&Prime; shape_dividers=\u00a0\u00bb\u00a0\u00bb][vc_column [&hellip;]<\/p>\n","protected":false},"author":1,"featured_media":0,"parent":0,"menu_order":0,"comment_status":"closed","ping_status":"closed","template":"","meta":{"footnotes":""},"class_list":["post-95","page","type-page","status-publish","hentry"],"aioseo_notices":[],"_links":{"self":[{"href":"https:\/\/www.earsonics.com\/protection-auditive\/wp-json\/wp\/v2\/pages\/95","targetHints":{"allow":["GET"]}}],"collection":[{"href":"https:\/\/www.earsonics.com\/protection-auditive\/wp-json\/wp\/v2\/pages"}],"about":[{"href":"https:\/\/www.earsonics.com\/protection-auditive\/wp-json\/wp\/v2\/types\/page"}],"author":[{"embeddable":true,"href":"https:\/\/www.earsonics.com\/protection-auditive\/wp-json\/wp\/v2\/users\/1"}],"replies":[{"embeddable":true,"href":"https:\/\/www.earsonics.com\/protection-auditive\/wp-json\/wp\/v2\/comments?post=95"}],"version-history":[{"count":6,"href":"https:\/\/www.earsonics.com\/protection-auditive\/wp-json\/wp\/v2\/pages\/95\/revisions"}],"predecessor-version":[{"id":1864,"href":"https:\/\/www.earsonics.com\/protection-auditive\/wp-json\/wp\/v2\/pages\/95\/revisions\/1864"}],"wp:attachment":[{"href":"https:\/\/www.earsonics.com\/protection-auditive\/wp-json\/wp\/v2\/media?parent=95"}],"curies":[{"name":"wp","href":"https:\/\/api.w.org\/{rel}","templated":true}]}}