{"id":69267,"date":"2020-11-13T12:02:31","date_gmt":"2020-11-13T11:02:31","guid":{"rendered":"https:\/\/www.earsonics.com\/store\/?post_type=product&#038;p=69267"},"modified":"2024-11-04T07:17:25","modified_gmt":"2024-11-04T06:17:25","slug":"aero","status":"publish","type":"product","link":"https:\/\/www.earsonics.com\/store\/produit\/aero\/","title":{"rendered":"AER\u00d8"},"content":{"rendered":"<div class=\"vc_custom_heading_wrap \">\n<div class=\"heading-text el-text\">\n<h2 class=\"h2\" style=\"text-align: center;\">Un condens\u00e9 de technologies<\/h2>\n<p>&nbsp;<\/p>\n<\/div>\n<div class=\"clear\" style=\"text-align: center;\"><\/div>\n<\/div>\n<div class=\"vc_row row-internal row-container\">\n<div class=\"row row-child\">\n<div class=\"wpb_row row-inner\">\n<div class=\"wpb_column pos-top pos-center align_center column_child col-lg-4 single-internal-gutter\" style=\"text-align: center;\">\n<div class=\"uncol style-light\">\n<div class=\"uncoltable\">\n<div class=\"uncell no-block-padding\">\n<div class=\"uncont\">\n<div class=\"uncode-single-media text-center\">\n<div class=\"single-wrapper\">\n<div class=\"tmb tmb-light tmb-media-first tmb-media-last tmb-content-overlay tmb-no-bg\">\n<div class=\"t-inside\">\n<div class=\"t-entry-visual\">\n<div class=\"t-entry-visual-tc\">\n<div class=\"uncode-single-media-wrapper\"><img loading=\"lazy\" decoding=\"async\" class=\"async-done\" src=\"https:\/\/www.earsonics.com\/in-ear-monitors\/wp-content\/uploads\/APTX-AEQ.png\" alt=\"\" width=\"363\" height=\"95\" data-uniqueid=\"54549-116753\" data-guid=\"https:\/\/www.earsonics.com\/in-ear-monitors\/wp-content\/uploads\/APTX-AEQ.png\" data-path=\"APTX-AEQ.png\" data-width=\"698\" data-height=\"183\" data-singlew=\"4\" data-singleh=\"\" data-crop=\"\" data-fixed=\"\" \/><img loading=\"lazy\" decoding=\"async\" class=\"async-done\" src=\"https:\/\/www.earsonics.com\/in-ear-monitors\/wp-content\/uploads\/SENSITIVE.png\" alt=\"\" width=\"203\" height=\"95\" data-uniqueid=\"54551-193069\" data-guid=\"https:\/\/www.earsonics.com\/in-ear-monitors\/wp-content\/uploads\/SENSITIVE.png\" data-path=\"SENSITIVE.png\" data-width=\"392\" data-height=\"183\" data-singlew=\"2.24\" data-singleh=\"\" data-crop=\"\" data-fixed=\"\" \/><img loading=\"lazy\" decoding=\"async\" class=\"async-done\" src=\"https:\/\/www.earsonics.com\/in-ear-monitors\/wp-content\/uploads\/ASSIST-IPX4.png\" alt=\"\" width=\"353\" height=\"95\" data-uniqueid=\"54553-126503\" data-guid=\"https:\/\/www.earsonics.com\/in-ear-monitors\/wp-content\/uploads\/ASSIST-IPX4.png\" data-path=\"ASSIST-IPX4.png\" data-width=\"679\" data-height=\"183\" data-singlew=\"3.88\" data-singleh=\"\" data-crop=\"\" data-fixed=\"\" \/><\/div>\n<\/div>\n<\/div>\n<\/div>\n<\/div>\n<\/div>\n<\/div>\n<\/div>\n<\/div>\n<\/div>\n<\/div>\n<\/div>\n<\/div>\n<\/div>\n<\/div>\n<p>&nbsp;<\/p>\n<p>&nbsp;<\/p>\n<div class=\"icon-box-heading icon-box-fa-1x\">\n<div class=\"uncode_text_column\">\n<h3><strong>Votre compagnon d\u2019\u00e9coute<\/strong><\/h3>\n<\/div>\n<div class=\"vc_custom_heading_wrap \">\n<div class=\"heading-text el-text\">\n<h2 class=\"fontsize-155944\"><strong>LE MEILLEUR DANS UN SI PETIT BOITIER<\/strong><\/h2>\n<\/div>\n<div class=\"clear\"><\/div>\n<\/div>\n<div class=\"uncode_text_column\">\n<h4>Dans une coque de seulement 5 grammes, l\u2019 AER\u00d8 profite de notre savoir-faire acquis depuis de nombreuses ann\u00e9es au contact du milieu professionnel du son.<br \/>\nCela ajoute \u00e0 la libert\u00e9 du sans fil, le son exceptionnel qui caract\u00e9rise d\u00e9j\u00e0 nos \u00e9couteurs filaires.<br \/>\nL\u2019 AER\u00d8 est un condens\u00e9 des derni\u00e8res technologies sans fil:<br \/>\nIl combine qualit\u00e9 de son, confort, isolation ext\u00e9rieure, fonctions tactiles intelligentes, \u00a0port\u00e9e optimis\u00e9e, longue autonomie, assistant vocal et fonction d\u2019appels t\u00e9l\u00e9phoniques<\/h4>\n<\/div>\n<\/div>\n<p>&nbsp;<\/p>\n<p>&nbsp;<\/p>\n<div class=\"icon-box-heading icon-box-fa-1x\">\n<div class=\"uncode_text_column\">\n<h3><strong>Son Haute D\u00e9finition<\/strong><\/h3>\n<\/div>\n<div class=\"vc_custom_heading_wrap \">\n<div class=\"heading-text el-text\">\n<h2 class=\"fontsize-155944\"><strong>TRAITEMENT DU SIGNAL AUDIO ACTIF<\/strong><\/h2>\n<\/div>\n<div class=\"clear\"><\/div>\n<\/div>\n<div class=\"uncode_text_column\">\n<h4>Au travers de son processeur num\u00e9rique int\u00e9grant l\u2019AEQ (Active audio processing), l\u2019AER\u00d8 \u00e9galise en temps r\u00e9el le signal audio afin d\u2019offrir un son performant et \u00e9quilibr\u00e9 \u00e0 tous les volumes d\u2019\u00e9coute.<br \/>\nD\u00e9taill\u00e9, avec des extremes graves et une extension dans les hautes fr\u00e9quences in\u00e9dites sur un in-ear sans fil.<br \/>\nLe savoir faire EarSonics, acquis au fil des ann\u00e9es au travers d\u2019une activit\u00e9 de recherche et d\u00e9veloppement active.<\/h4>\n<\/div>\n<\/div>\n<p>&nbsp;<\/p>\n<p>&nbsp;<\/p>\n<div class=\"icon-box-heading icon-box-fa-1x\">\n<div class=\"uncode_text_column\">\n<h3><strong>Assistant vocal \/ Appels t\u00e9l\u00e9phoniques<\/strong><\/h3>\n<\/div>\n<div class=\"vc_custom_heading_wrap \">\n<div class=\"heading-text el-text\">\n<h2 class=\"fontsize-155944\"><strong>GARDEZ LES MAINS LIBRES<\/strong><\/h2>\n<\/div>\n<div class=\"clear\"><\/div>\n<\/div>\n<div class=\"uncode_text_column\">\n<h4>l\u2019AER\u00d8 permet, gr\u00e2ce \u00e0 deux micros int\u00e9gr\u00e9s sur chaque \u00e9couteur, de passer des appels mains libres extr\u00eamement clairs.<br \/>\nVous pouvez aussi r\u00e9pondre aux appels en utilisant l\u2019une ou l\u2019autre des oreillettes sans \u00eatre g\u00ean\u00e9 par les bruits ext\u00e9rieurs.<br \/>\nDe plus, chaque \u00e9couteur peut \u00eatre connect\u00e9 et utilis\u00e9 seul \u00e0 la mani\u00e8re d\u2019un kit pi\u00e9ton classique.<br \/>\nVos \u00e9couteurs AER\u00d8 sont enti\u00e8rement compatibles avec l\u2019assistant vocal int\u00e9gr\u00e9 \u00e0 votre appareil (SIRI, GOOGLE assistant, Alexa, etc..). Vous pouvez ainsi piloter votre musique, envoyer des SMS, obtenir un itin\u00e9raire, rechercher sur le net et bien plus encore, le tout sans avoir \u00e0 saisir votre t\u00e9l\u00e9phone. Il vous suffit d\u2019effectuer un triple touch\u00e9 sur l\u2019\u00e9couteur gauche ou droit pour activer cette fonction.<\/h4>\n<\/div>\n<\/div>\n<p>&nbsp;<\/p>\n","protected":false},"excerpt":{"rendered":"<p>Un condens\u00e9 de technologies &nbsp; &nbsp; &nbsp; Votre compagnon d\u2019\u00e9coute LE MEILLEUR DANS UN SI PETIT BOITIER Dans une coque de seulement 5 grammes, l\u2019 AER\u00d8 profite de notre savoir-faire acquis depuis de nombreuses ann\u00e9es au contact du milieu professionnel du son. Cela ajoute \u00e0 la libert\u00e9 du sans fil, le son exceptionnel qui caract\u00e9rise d\u00e9j\u00e0 nos \u00e9couteurs filaires. L\u2019 [&hellip;]<\/p>\n","protected":false},"featured_media":69268,"comment_status":"open","ping_status":"closed","template":"","meta":[],"product_brand":[],"product_cat":[662,655],"product_tag":[],"class_list":{"0":"post-69267","1":"product","2":"type-product","3":"status-publish","4":"has-post-thumbnail","6":"product_cat-aero","7":"product_cat-wireless","9":"first","10":"outofstock","11":"taxable","12":"shipping-taxable","13":"purchasable","14":"product-type-simple"},"_links":{"self":[{"href":"https:\/\/www.earsonics.com\/store\/wp-json\/wp\/v2\/product\/69267","targetHints":{"allow":["GET"]}}],"collection":[{"href":"https:\/\/www.earsonics.com\/store\/wp-json\/wp\/v2\/product"}],"about":[{"href":"https:\/\/www.earsonics.com\/store\/wp-json\/wp\/v2\/types\/product"}],"replies":[{"embeddable":true,"href":"https:\/\/www.earsonics.com\/store\/wp-json\/wp\/v2\/comments?post=69267"}],"wp:featuredmedia":[{"embeddable":true,"href":"https:\/\/www.earsonics.com\/store\/wp-json\/wp\/v2\/media\/69268"}],"wp:attachment":[{"href":"https:\/\/www.earsonics.com\/store\/wp-json\/wp\/v2\/media?parent=69267"}],"wp:term":[{"taxonomy":"product_brand","embeddable":true,"href":"https:\/\/www.earsonics.com\/store\/wp-json\/wp\/v2\/product_brand?post=69267"},{"taxonomy":"product_cat","embeddable":true,"href":"https:\/\/www.earsonics.com\/store\/wp-json\/wp\/v2\/product_cat?post=69267"},{"taxonomy":"product_tag","embeddable":true,"href":"https:\/\/www.earsonics.com\/store\/wp-json\/wp\/v2\/product_tag?post=69267"}],"curies":[{"name":"wp","href":"https:\/\/api.w.org\/{rel}","templated":true}]}}